000
CDUS43 KUNR 190832
CLIICR


CLIMATE REPORT
NATIONAL WEATHER SERVICE RAPID CITY SD
232 AM MDT SUN APR 19 2015


...................................

...THE WINNER REGIONAL AIRPORT SD CLIMATE SUMMARY FOR APRIL 18 2015...

CLIMATE NORMAL PERIOD 1981 TO 2010
CLIMATE RECORD PERIOD 9999 TO 9999


WEATHER ITEM   OBSERVED TIME   NORMAL DEPARTURE LAST
                VALUE   (LST)  VALUE  FROM      YEAR
                                      NORMAL
......................................................
TEMPERATURE (F)
 YESTERDAY
  MAXIMUM         61    528 PM  61      0       80
  MINIMUM         48    832 AM  37     11       43
  AVERAGE         55            49      6       62

PRECIPITATION (IN)
  YESTERDAY        0.22          0.09   0.13     0.00
  MONTH TO DATE    0.63          1.28  -0.65     0.14
  SINCE MAR 1      0.74          2.66  -1.92     0.18
  SINCE JAN 1      0.83          3.42  -2.59     0.26

DEGREE DAYS
 HEATING
  YESTERDAY       10            16     -6        3
  MONTH TO DATE  244           349   -105      361
  SINCE MAR 1    869          1225   -356     1311
  SINCE JUL 1   5629          6234   -605     6644

 COOLING
  YESTERDAY        0             0      0        0
  MONTH TO DATE    0             0      0        2
  SINCE MAR 1      6             0      6        2
  SINCE JAN 1      6             0      6        2
......................................................


WIND (MPH)
  HIGHEST WIND SPEED    24   HIGHEST WIND DIRECTION     E (80)
  HIGHEST GUST SPEED    31   HIGHEST GUST DIRECTION     E (70)
  AVERAGE WIND SPEED     9.2


SKY COVER
  AVERAGE SKY COVER 0.9


WEATHER CONDITIONS
 THE FOLLOWING WEATHER WAS RECORDED YESTERDAY.
  RAIN
  LIGHT RAIN
  FOG
  HAZE


RELATIVE HUMIDITY (PERCENT)
 HIGHEST    89          1000 PM
 LOWEST     71           500 AM
 AVERAGE    80

..........................................................




SUNRISE AND SUNSET
APRIL 19 2015.........SUNRISE   651 AM CDT   SUNSET   827 PM CDT
APRIL 20 2015.........SUNRISE   649 AM CDT   SUNSET   828 PM CDT


-  INDICATES NEGATIVE NUMBERS.
R  INDICATES RECORD WAS SET OR TIED.
MM INDICATES DATA IS MISSING.
T  INDICATES TRACE AMOUNT.




$$
