000
CDUS45 KPIH 042321
CLIIDA


CLIMATE REPORT
NATIONAL WEATHER SERVICE POCATELLO ID
520 PM MDT MON MAY 4 2015


...................................

...THE IDAHO FALLS ID CLIMATE SUMMARY FOR MAY 4 2015...
VALID TODAY AS OF 0500 PM LOCAL TIME.

CLIMATE NORMAL PERIOD 1981 TO 2010
CLIMATE RECORD PERIOD 1948 TO 2015


WEATHER ITEM   OBSERVED TIME   RECORD YEAR NORMAL DEPARTURE LAST
                VALUE   (LST)  VALUE       VALUE  FROM      YEAR
                                                  NORMAL
..................................................................
TEMPERATURE (F)
 TODAY
  MAXIMUM         77    357 PM  86    1966  64     13       70
  MINIMUM         40    549 AM  22    2001  36      4       44
  AVERAGE         59                        50      9       57

PRECIPITATION (IN)
  TODAY            0.00          0.41 1976   0.05  -0.05     0.00
  MONTH TO DATE    0.02                      0.19  -0.17     0.00
  SINCE OCT 1      2.41                      6.11  -3.70     4.56
  SINCE JAN 1      0.95                      3.54  -2.59     3.26

SNOWFALL (IN)
  TODAY           MM
  MONTH TO DATE   MM
  SINCE MAR 1     MM
  SINCE JUL 1     MM
  SNOW DEPTH      MM

DEGREE DAYS
 HEATING
  TODAY            6                        15     -9        8
  MONTH TO DATE   28                        63    -35       36
  SINCE MAR 1   1295                      1574   -279     1428
  SINCE JUL 1   6113                      7376  -1263     6945

 COOLING
  TODAY            0                         0      0        0
  MONTH TO DATE    0                         0      0        0
  SINCE MAR 1      0                         0      0        0
  SINCE JAN 1      0                         0      0        0
..................................................................


WIND (MPH)
  HIGHEST WIND SPEED    10   HIGHEST WIND DIRECTION    SW (230)
  HIGHEST GUST SPEED    16   HIGHEST GUST DIRECTION    SW (210)
  AVERAGE WIND SPEED     5.6


SKY COVER
  POSSIBLE SUNSHINE  MM
  AVERAGE SKY COVER 0.3


WEATHER CONDITIONS
 THE FOLLOWING WEATHER WAS RECORDED TODAY.
  NO SIGNIFICANT WEATHER WAS OBSERVED.


RELATIVE HUMIDITY (PERCENT)
 HIGHEST    89          1200 AM
 LOWEST     16           400 PM
 AVERAGE    53

..........................................................


THE IDAHO FALLS ID CLIMATE NORMALS FOR TOMORROW
                         NORMAL    RECORD    YEAR
 MAXIMUM TEMPERATURE (F)   64        85      1966
 MINIMUM TEMPERATURE (F)   36        17      1982


SUNRISE AND SUNSET
MAY  4 2015...........SUNRISE   617 AM MDT   SUNSET   834 PM MDT
MAY  5 2015...........SUNRISE   616 AM MDT   SUNSET   835 PM MDT


-  INDICATES NEGATIVE NUMBERS.
R  INDICATES RECORD WAS SET OR TIED.
MM INDICATES DATA IS MISSING.
T  INDICATES TRACE AMOUNT.




$$
