000
CDUS43 KUNR 060847
CLIIEN


CLIMATE REPORT
NATIONAL WEATHER SERVICE RAPID CITY SD
247 AM MDT WED MAY 6 2015


...................................

...THE PINE RIDGE SD CLIMATE SUMMARY FOR MAY 5 2015...

CLIMATE NORMAL PERIOD 1981 TO 2010
CLIMATE RECORD PERIOD 9999 TO 9999


WEATHER ITEM   OBSERVED TIME   NORMAL DEPARTURE LAST
                VALUE   (LST)  VALUE  FROM      YEAR
                                      NORMAL
......................................................
TEMPERATURE (F)
 YESTERDAY
  MAXIMUM         63    352 PM  66     -3       74
  MINIMUM         38    444 AM  37      1       38
  AVERAGE         51            52     -1       56

PRECIPITATION (IN)
  YESTERDAY        T             0.10  -0.10     0.00
  MONTH TO DATE    0.01          0.50  -0.49     0.00
  SINCE MAR 1      2.07          3.28  -1.21     3.50
  SINCE JAN 1      2.53          4.07  -1.54     3.77

DEGREE DAYS
 HEATING
  YESTERDAY       14            13      1        9
  MONTH TO DATE   53            70    -17       70
  SINCE MAR 1   1313          1540   -227     1625
  SINCE JUL 1   6523          6890   -367     7107

 COOLING
  YESTERDAY        0             0      0        0
  MONTH TO DATE    0             0      0        0
  SINCE MAR 1      0             0      0        1
  SINCE JAN 1      0             0      0        1
......................................................


WIND (MPH)
  HIGHEST WIND SPEED    17   HIGHEST WIND DIRECTION    SE (150)
  HIGHEST GUST SPEED    23   HIGHEST GUST DIRECTION    SE (140)
  AVERAGE WIND SPEED     9.1


SKY COVER
  AVERAGE SKY COVER 0.8


WEATHER CONDITIONS
 THE FOLLOWING WEATHER WAS RECORDED YESTERDAY.
  LIGHT RAIN
  HAZE


RELATIVE HUMIDITY (PERCENT)
 HIGHEST    85           500 AM
 LOWEST     60           100 PM
 AVERAGE    73

..........................................................




SUNRISE AND SUNSET
MAY  6 2015...........SUNRISE   537 AM MDT   SUNSET   757 PM MDT
MAY  7 2015...........SUNRISE   536 AM MDT   SUNSET   758 PM MDT


-  INDICATES NEGATIVE NUMBERS.
R  INDICATES RECORD WAS SET OR TIED.
MM INDICATES DATA IS MISSING.
T  INDICATES TRACE AMOUNT.




$$
