000
CDUS45 KVEF 270831
CLIIGM


CLIMATE REPORT
NATIONAL WEATHER SERVICE LAS VEGAS, NV
130 AM PDT MON APR 27 2015


...................................

...THE KINGMAN AZ CLIMATE SUMMARY FOR APRIL 26 2015...

CLIMATE NORMAL PERIOD 1981 TO 2010
CLIMATE RECORD PERIOD 1901 TO 2015


WEATHER ITEM   OBSERVED TIME   RECORD YEAR NORMAL DEPARTURE LAST
                VALUE   (LST)  VALUE       VALUE  FROM      YEAR
                                                  NORMAL
..................................................................
TEMPERATURE (F)
 YESTERDAY
  MAXIMUM         67    408 PM  94    1927  77    -10       59
  MINIMUM         36    534 AM  30    1984  47    -11       38
  AVERAGE         52                        62    -10       49

PRECIPITATION (IN)
  YESTERDAY        0.00          0.45 1931   0.01  -0.01     0.21
  MONTH TO DATE    0.11                      0.38  -0.27     0.24
  SINCE OCT 1      4.94                      5.40  -0.46     1.67
  SINCE JAN 1      2.81                      3.30  -0.49     0.79

DEGREE DAYS
 HEATING
  YESTERDAY       13                         5      8       16
  MONTH TO DATE  206                       199      7      137
  SINCE MAR 1    454                       617   -163      443
  SINCE JUL 1   2434                      3030   -596     2765

 COOLING
  YESTERDAY        0                         2     -2        0
  MONTH TO DATE    4                        21    -17       33
  SINCE MAR 1      6                        24    -18       33
  SINCE JAN 1      6                        24    -18       33
..................................................................


WIND (MPH)
  RESULTANT WIND SPEED  10   RESULTANT WIND DIRECTION   N (350)
  HIGHEST WIND SPEED    29   HIGHEST WIND DIRECTION    NW (320)
  HIGHEST GUST SPEED    37   HIGHEST GUST DIRECTION    NW (320)
  AVERAGE WIND SPEED    12.2


SKY COVER
  POSSIBLE SUNSHINE  MM
  AVERAGE SKY COVER 0.1


WEATHER CONDITIONS
 THE FOLLOWING WEATHER WAS RECORDED YESTERDAY.
  NO SIGNIFICANT WEATHER WAS OBSERVED.


RELATIVE HUMIDITY (PERCENT)
 HIGHEST    92           500 AM
 LOWEST     18           400 PM
 AVERAGE    55

..........................................................


THE KINGMAN AZ CLIMATE NORMALS FOR TODAY
                         NORMAL    RECORD    YEAR
 MAXIMUM TEMPERATURE (F)   78        93      2000
 MINIMUM TEMPERATURE (F)   47        27      1932


SUNRISE AND SUNSET
APRIL 27 2015.........SUNRISE   549 AM MST   SUNSET   718 PM MST
APRIL 28 2015.........SUNRISE   548 AM MST   SUNSET   719 PM MST


-  INDICATES NEGATIVE NUMBERS.
R  INDICATES RECORD WAS SET OR TIED.
MM INDICATES DATA IS MISSING.
T  INDICATES TRACE AMOUNT.




$$
