000
CDUS41 KPHI 260630
CLIILG


CLIMATE REPORT
NATIONAL WEATHER SERVICE MOUNT HOLLY NJ
228 AM EDT SUN APR 26 2015


...................................

...THE WILMINGTON DE CLIMATE SUMMARY FOR APRIL 25 2015...

CLIMATE NORMAL PERIOD 1981 TO 2010
CLIMATE RECORD PERIOD 1894 TO 2015


WEATHER ITEM   OBSERVED TIME   RECORD YEAR NORMAL DEPARTURE LAST
                VALUE   (LST)  VALUE       VALUE  FROM      YEAR
                                                  NORMAL
..................................................................
TEMPERATURE (F)
 YESTERDAY
  MAXIMUM         56    327 PM  89    1960  67    -11       63
                                      1895
  MINIMUM         31R   405 AM  31    1936  46    -15       39
                                      1919
  AVERAGE         44                        56    -12       51

PRECIPITATION (IN)
  YESTERDAY        0.00          1.92 1914   0.11  -0.11     0.48
  MONTH TO DATE    4.29                      2.94   1.35     2.23
  SINCE MAR 1      9.68                      6.86   2.82     6.05
  SINCE JAN 1     16.29                     12.55   3.74    14.63

SNOWFALL (IN)
  YESTERDAY        0.0           0.0  1894   0.0    0.0      0.0
  MONTH TO DATE    0.0                       0.3   -0.3      0.0
  SINCE MAR 1      8.6                       2.2    6.4      7.7
  SINCE JUL 1     23.4                      20.2    3.2     56.1
  SNOW DEPTH       0

DEGREE DAYS
 HEATING
  YESTERDAY       21                         9     12       14
  MONTH TO DATE  289                       321    -32      315
  SINCE MAR 1   1123                      1004    119     1135
  SINCE JUL 1   4962                      4627    335     4990

 COOLING
  YESTERDAY        0                         1     -1        0
  MONTH TO DATE    4                         5     -1        7
  SINCE MAR 1      4                         6     -2        7
  SINCE JAN 1      4                         6     -2        7
..................................................................


WIND (MPH)
  HIGHEST WIND SPEED    14   HIGHEST WIND DIRECTION     W (280)
  HIGHEST GUST SPEED    19   HIGHEST GUST DIRECTION     W (290)
  AVERAGE WIND SPEED     6.6


SKY COVER
  POSSIBLE SUNSHINE  MM
  AVERAGE SKY COVER 0.3


WEATHER CONDITIONS
 THE FOLLOWING WEATHER WAS RECORDED YESTERDAY.
  NO SIGNIFICANT WEATHER WAS OBSERVED.


RELATIVE HUMIDITY (PERCENT)
 HIGHEST    75           400 AM
 LOWEST     27           300 PM
 AVERAGE    51

..........................................................


THE WILMINGTON DE CLIMATE NORMALS FOR TODAY
                         NORMAL    RECORD    YEAR
 MAXIMUM TEMPERATURE (F)   67        92      1990
 MINIMUM TEMPERATURE (F)   46        32      1919


SUNRISE AND SUNSET
APRIL 26 2015.........SUNRISE   610 AM EDT   SUNSET   751 PM EDT
APRIL 27 2015.........SUNRISE   609 AM EDT   SUNSET   752 PM EDT


-  INDICATES NEGATIVE NUMBERS.
R  INDICATES RECORD WAS SET OR TIED.
MM INDICATES DATA IS MISSING.
T  INDICATES TRACE AMOUNT.




$$
