000
CDUS43 KIND 250532
CLIIND


CLIMATE REPORT
NATIONAL WEATHER SERVICE INDIANAPOLIS IN
131 AM EDT SAT APR 25 2015


...................................

...THE INDIANAPOLIS IN CLIMATE SUMMARY FOR APRIL 24 2015...

CLIMATE NORMAL PERIOD 1981 TO 2010
CLIMATE RECORD PERIOD 1871 TO 2015


WEATHER ITEM   OBSERVED TIME   RECORD YEAR NORMAL DEPARTURE LAST
                VALUE   (LST)  VALUE       VALUE  FROM      YEAR
                                                  NORMAL
..................................................................
TEMPERATURE (F)
 YESTERDAY
  MAXIMUM         62    344 PM  90    1925  66     -4       66
  MINIMUM         32    524 AM  28    1910  46    -14       48
  AVERAGE         47                        56     -9       57

PRECIPITATION (IN)
  YESTERDAY        T             1.65 1880   0.13  -0.13      T
  MONTH TO DATE    3.38                      2.99   0.39     4.10
  SINCE MAR 1      6.91                      6.55   0.36     6.48
  SINCE JAN 1     10.06                     11.53  -1.47    11.27

SNOWFALL (IN)
  YESTERDAY        0.0           0.1  1910   0.0    0.0      0.0
  MONTH TO DATE    T                         0.2   -0.2      0.3
  SINCE MAR 1      5.9                       2.8    3.1      3.4
  SINCE JUL 1     25.6                      25.9   -0.3     55.7
  SNOW DEPTH       0

DEGREE DAYS
 HEATING
  YESTERDAY       18                        10      8        8
  MONTH TO DATE  227                       319    -92      322
  SINCE MAR 1   1017                      1026     -9     1221
  SINCE JUL 1   5743                      5169    574     6018

 COOLING
  YESTERDAY        0                         1     -1        0
  MONTH TO DATE    6                         7     -1        4
  SINCE MAR 1      6                         9     -3        4
  SINCE JAN 1      6                         9     -3        4
..................................................................


WIND (MPH)
  HIGHEST WIND SPEED    15   HIGHEST WIND DIRECTION    SE (130)
  HIGHEST GUST SPEED    18   HIGHEST GUST DIRECTION    SE (130)
  AVERAGE WIND SPEED     6.2


SKY COVER
  AVERAGE SKY COVER 0.6


WEATHER CONDITIONS
 THE FOLLOWING WEATHER WAS RECORDED YESTERDAY.
  LIGHT RAIN


RELATIVE HUMIDITY (PERCENT)
 HIGHEST    75           500 AM
 LOWEST     22          1100 AM
 AVERAGE    49

..........................................................


THE INDIANAPOLIS IN CLIMATE NORMALS FOR TODAY
                         NORMAL    RECORD    YEAR
 MAXIMUM TEMPERATURE (F)   67        87      1915
 MINIMUM TEMPERATURE (F)   46        27      1919


SUNRISE AND SUNSET
APRIL 25 2015.........SUNRISE   654 AM EDT   SUNSET   833 PM EDT
APRIL 26 2015.........SUNRISE   652 AM EDT   SUNSET   834 PM EDT


-  INDICATES NEGATIVE NUMBERS.
R  INDICATES RECORD WAS SET OR TIED.
MM INDICATES DATA IS MISSING.
T  INDICATES TRACE AMOUNT.




$$
