000
CDHW43 PHFO 280238
CLIITO


CLIMATE REPORT
NATIONAL WEATHER SERVICE HONOLULU HI
428 PM HST MON APR 27 2015


...................................

...THE HILO HI CLIMATE SUMMARY FOR APRIL 27 2015...
VALID TODAY AS OF 0400 PM LOCAL TIME.

CLIMATE NORMAL PERIOD 1981 TO 2010
CLIMATE RECORD PERIOD 1946 TO 2015


WEATHER ITEM   OBSERVED TIME   RECORD YEAR NORMAL DEPARTURE LAST
                VALUE   (LST)  VALUE       VALUE  FROM      YEAR
                                                  NORMAL
..................................................................
TEMPERATURE (F)
 TODAY
  MAXIMUM         84   1132 AM  86    1977  79      5       81
                                      1968
  MINIMUM         67    123 AM  61    2009  66      1       68
                                      1955
  AVERAGE         76                        73      3       75

PRECIPITATION (IN)
  TODAY            0.00          2.23 1987   0.32  -0.32     0.07
  MONTH TO DATE   13.48                     10.57   2.91    12.33
  SINCE MAR 1     22.40                     24.00  -1.60    31.06
  SINCE JAN 1     30.49                     42.82 -12.33    39.29

SNOWFALL (IN)
  TODAY            0.0
  MONTH TO DATE    0.0
  SINCE MAR 1      0.0
  SINCE JUL 1      0.0
  SNOW DEPTH       0

DEGREE DAYS
 HEATING
  TODAY            0                         0      0        0
  MONTH TO DATE    0                         0      0        0
  SINCE MAR 1      0                         0      0        0
  SINCE JUL 1      0                         0      0        0

 COOLING
  TODAY           11                         8      3       10
  MONTH TO DATE  255                       190     65      228
  SINCE MAR 1    496                       401     95      464
  SINCE JAN 1   1022                       771    251      922
..................................................................


WIND (MPH)
  HIGHEST WIND SPEED    14   HIGHEST WIND DIRECTION    NE (60)
  HIGHEST GUST SPEED    18   HIGHEST GUST DIRECTION    NE (60)
  AVERAGE WIND SPEED     5.7


SKY COVER
  POSSIBLE SUNSHINE  MM
  AVERAGE SKY COVER 0.7


WEATHER CONDITIONS
 THE FOLLOWING WEATHER WAS RECORDED TODAY.
  NO SIGNIFICANT WEATHER WAS OBSERVED.


RELATIVE HUMIDITY (PERCENT)
 HIGHEST    93           200 AM
 LOWEST     58          1200 PM
 AVERAGE    76

..........................................................


THE HILO HI CLIMATE NORMALS FOR TOMORROW
                         NORMAL    RECORD    YEAR
 MAXIMUM TEMPERATURE (F)   79        87      1954
 MINIMUM TEMPERATURE (F)   66        60      1972


SUNRISE AND SUNSET
APRIL 27 2015.........SUNRISE   554 AM HST   SUNSET   642 PM HST
APRIL 28 2015.........SUNRISE   553 AM HST   SUNSET   642 PM HST


-  INDICATES NEGATIVE NUMBERS.
R  INDICATES RECORD WAS SET OR TIED.
MM INDICATES DATA IS MISSING.
T  INDICATES TRACE AMOUNT.




$$
