000
CDUS44 KJAN 202111
CLIJAN


CLIMATE REPORT
NATIONAL WEATHER SERVICE JACKSON MS
409 PM CDT MON APR 20 2015


...................................

...THE JACKSON CLIMATE SUMMARY FOR APRIL 20 2015...
VALID TODAY AS OF 0400 PM LOCAL TIME.

CLIMATE NORMAL PERIOD 1981 TO 2010
CLIMATE RECORD PERIOD 1896 TO 2015


WEATHER ITEM   OBSERVED TIME   RECORD YEAR NORMAL DEPARTURE LAST
                VALUE   (LST)  VALUE       VALUE  FROM      YEAR
                                                  NORMAL
..................................................................
TEMPERATURE (F)
 TODAY
  MAXIMUM         72   1224 AM  91    1987  77     -5       82
  MINIMUM         59    532 AM  37    1953  53      6       49
  AVERAGE         66                        65      1       66

PRECIPITATION (IN)
  TODAY            0.00          2.65 1995   0.17  -0.17     0.00
  MONTH TO DATE    3.43                      3.52  -0.09    10.41
  SINCE MAR 1     10.70                      8.56   2.14    16.06
  SINCE JAN 1     20.90                     18.29   2.61    23.11

SNOWFALL (IN)
  TODAY            0.0           0.0    MM   0.0    0.0      0.0
  MONTH TO DATE    0.0                       0.0    0.0      0.0
  SINCE MAR 1      0.3                       0.1    0.2       T
  SINCE JUL 1      0.3                       0.8   -0.5      0.8

DEGREE DAYS
 HEATING
  TODAY            0                         3     -3        0
  MONTH TO DATE   14                        89    -75      108
  SINCE MAR 1    209                       367   -158      451
  SINCE JUL 1   2335                      2359    -24     2717

 COOLING
  TODAY            1                         3     -2        1
  MONTH TO DATE  114                        45     69       34
  SINCE MAR 1    151                        72     79       38
  SINCE JAN 1    151                        82     69       44
..................................................................


WIND (MPH)
  HIGHEST WIND SPEED    17   HIGHEST WIND DIRECTION    NW (310)
  HIGHEST GUST SPEED    23   HIGHEST GUST DIRECTION    NW (310)
  AVERAGE WIND SPEED     9.5


SKY COVER
  POSSIBLE SUNSHINE  MM
  AVERAGE SKY COVER 0.3


WEATHER CONDITIONS
 THE FOLLOWING WEATHER WAS RECORDED TODAY.
  NO SIGNIFICANT WEATHER WAS OBSERVED.


RELATIVE HUMIDITY (PERCENT)
 HIGHEST    84           400 AM
 LOWEST     44          1200 AM
 AVERAGE    64

..........................................................


THE JACKSON CLIMATE NORMALS FOR TOMORROW
                         NORMAL    RECORD    YEAR
 MAXIMUM TEMPERATURE (F)   77        94      1987
 MINIMUM TEMPERATURE (F)   54        37      1934


SUNRISE AND SUNSET
APRIL 20 2015.........SUNRISE   626 AM CDT   SUNSET   733 PM CDT
APRIL 21 2015.........SUNRISE   625 AM CDT   SUNSET   734 PM CDT


-  INDICATES NEGATIVE NUMBERS.
R  INDICATES RECORD WAS SET OR TIED.
MM INDICATES DATA IS MISSING.
T  INDICATES TRACE AMOUNT.

&&

AT 4 PM:

THE PEARL RIVER STAGE AT JACKSON WAS 21.9 FEET. THE RIVER HAS
RISEN 1.6 FEET OVER THE PAST 24 HOURS.

THE MISSISSIPPI RIVER STAGE AT VICKSBURG WAS 40.4 FEET. THE RIVER
HAS RISEN 0.6 FEET OVER THE PAST 24 HOURS.

THE AIR QUALITY INDEX AT JACKSON WAS GOOD.


$$
