000
CDAK47 PAJK 190033
CLIJNU
AKZ025-191200-
CLIMATE REPORT
NATIONAL WEATHER SERVICE JUNEAU, AK
431 PM AKDT SAT APR 18 2015

...................................

...THE JUNEAU CLIMATE SUMMARY FOR APRIL 18 2015...
VALID TODAY AS OF 0300 PM LOCAL TIME.

CLIMATE NORMAL PERIOD 1981 TO 2010
CLIMATE RECORD PERIOD 1943 TO 2015


WEATHER ITEM   OBSERVED TIME   RECORD YEAR NORMAL DEPARTURE LAST
                VALUE   (LST)  VALUE       VALUE  FROM      YEAR
                                                  NORMAL
..................................................................
TEMPERATURE (F)
 TODAY
  MAXIMUM         42    259 PM  59    2012  49     -7       46
                                      1993
  MINIMUM         39    715 AM  17    2008  34      5       29
  AVERAGE         41                        42     -1       38

PRECIPITATION (IN)
  TODAY            0.26          1.09 1972   0.09   0.17     0.10
  MONTH TO DATE    4.23                      1.79   2.44     2.17
  SINCE MAR 1      8.75                      5.57   3.18     5.62
  SINCE JAN 1     24.35                     15.05   9.30    17.75

SNOWFALL (IN)
  TODAY            0.0           1.8  1948   0.0    0.0      0.0
  MONTH TO DATE    T                         0.9   -0.9      0.3
  SINCE MAR 1      9.9                      12.5   -2.6      6.3
  SINCE JUL 1     48.6                      86.5  -37.9     97.1

DEGREE DAYS
 HEATING
  TODAY           24                        24      0       27
  MONTH TO DATE  437                       464    -27      466
  SINCE MAR 1   1294                      1431   -137     1498
  SINCE JUL 1   6515                      7268   -753     7139

 COOLING
  TODAY            0                         0      0        0
  MONTH TO DATE    0                         0      0        0
  SINCE MAR 1      0                         0      0        0
  SINCE JAN 1      0                         0      0        0
..................................................................


WIND (MPH)
  HIGHEST WIND SPEED    25   HIGHEST WIND DIRECTION    SE (120)
  HIGHEST GUST SPEED    32   HIGHEST GUST DIRECTION    SE (120)
  AVERAGE WIND SPEED    16.9


SKY COVER
  POSSIBLE SUNSHINE  MM
  AVERAGE SKY COVER 1.0


WEATHER CONDITIONS
 THE FOLLOWING WEATHER WAS RECORDED TODAY.
  LIGHT RAIN
  FOG


RELATIVE HUMIDITY (PERCENT)
 HIGHEST    86          1100 AM
 LOWEST     76          1200 PM
 AVERAGE    81

..........................................................


THE JUNEAU CLIMATE NORMALS FOR TOMORROW
                         NORMAL    RECORD    YEAR
 MAXIMUM TEMPERATURE (F)   50        62      1978
 MINIMUM TEMPERATURE (F)   34        17      1948


SUNRISE AND SUNSET
APRIL 18 2015.........SUNRISE   539 AM AKDT  SUNSET   818 PM AKDT
APRIL 19 2015.........SUNRISE   536 AM AKDT  SUNSET   821 PM AKDT


-  INDICATES NEGATIVE NUMBERS.
R  INDICATES RECORD WAS SET OR TIED.
MM INDICATES DATA IS MISSING.
T  INDICATES TRACE AMOUNT.




$$



&&
----------------------------
AMOUNT OF DAYLIGHT TODAY  (HOUR:MIN)........14:40
GAIN/LOSS SINCE YESTERDAY (HOUR:MIN:SEC)....+0:05:00
