000
CDUS45 KVEF 260834
CLILAS


CLIMATE REPORT
NATIONAL WEATHER SERVICE LAS VEGAS, NV
130 AM PDT SUN APR 26 2015


...................................

...THE LAS VEGAS NV CLIMATE SUMMARY FOR APRIL 25 2015...

CLIMATE NORMAL PERIOD 1981 TO 2010
CLIMATE RECORD PERIOD 1937 TO 2015


WEATHER ITEM   OBSERVED TIME   RECORD YEAR NORMAL DEPARTURE LAST
                VALUE   (LST)  VALUE       VALUE  FROM      YEAR
                                                  NORMAL
..................................................................
TEMPERATURE (F)
 YESTERDAY
  MAXIMUM         72    227 PM  96    1946  81     -9       79
  MINIMUM         40    522 PM  37    1960  59    -19       59
  AVERAGE         56                        70    -14       69

PRECIPITATION (IN)
  YESTERDAY        0.26R         0.07 1998   0.00   0.26     0.00
  MONTH TO DATE    0.26                      0.13   0.13      T
  SINCE OCT 1      2.25                      3.00  -0.75     1.72
  SINCE JAN 1      1.95                      1.87   0.08     0.30

SNOWFALL (IN)
  YESTERDAY       MM             0.0    MM   0.0   MM        0.0
  MONTH TO DATE    0.0                       0.0    0.0      0.0
  SINCE MAR 1      0.0                       0.0    0.0      0.0
  SINCE JUL 1      T                         0.3   -0.3      0.0
  SNOW DEPTH       0

DEGREE DAYS
 HEATING
  YESTERDAY        9                         1      8        0
  MONTH TO DATE   33                        59    -26       35
  SINCE MAR 1    109                       248   -139      120
  SINCE JUL 1   1216                      1939   -723     1506

 COOLING
  YESTERDAY        0                         6     -6        4
  MONTH TO DATE   98                        93      5      180
  SINCE MAR 1    236                       123    113      211
  SINCE JAN 1    246                       124    122      214
..................................................................


WIND (MPH)
  RESULTANT WIND SPEED  14   RESULTANT WIND DIRECTION   S (200)
  HIGHEST WIND SPEED    29   HIGHEST WIND DIRECTION    SW (230)
  HIGHEST GUST SPEED    37   HIGHEST GUST DIRECTION    SW (220)
  AVERAGE WIND SPEED    15.1


SKY COVER
  POSSIBLE SUNSHINE  MM
  AVERAGE SKY COVER 0.7


WEATHER CONDITIONS
 THE FOLLOWING WEATHER WAS RECORDED YESTERDAY.
  THUNDERSTORM
  RAIN
  LIGHT RAIN


RELATIVE HUMIDITY (PERCENT)
 HIGHEST    93           900 PM
 LOWEST     24           200 PM
 AVERAGE    59

..........................................................


THE LAS VEGAS NV CLIMATE NORMALS FOR TODAY
                         NORMAL    RECORD    YEAR
 MAXIMUM TEMPERATURE (F)   82        97      1996
 MINIMUM TEMPERATURE (F)   59        42      1967
                                             1937


SUNRISE AND SUNSET
APRIL 26 2015.........SUNRISE   554 AM PDT   SUNSET   724 PM PDT
APRIL 27 2015.........SUNRISE   553 AM PDT   SUNSET   724 PM PDT


-  INDICATES NEGATIVE NUMBERS.
R  INDICATES RECORD WAS SET OR TIED.
MM INDICATES DATA IS MISSING.
T  INDICATES TRACE AMOUNT.




$$
