000
CDUS46 KLOX 030900
CLILAX


CLIMATE REPORT
NATIONAL WEATHER SERVICE LOS ANGELES/OXNARD CA
200 AM PDT SUN MAY 3 2015


...................................

...THE LOS ANGELES INTL AIRPORT CA CLIMATE SUMMARY FOR MAY 2 2015...

CLIMATE NORMAL PERIOD 1981 TO 2010
CLIMATE RECORD PERIOD 1944 TO 2015


WEATHER ITEM   OBSERVED TIME   RECORD YEAR NORMAL DEPARTURE LAST
                VALUE   (LST)  VALUE       VALUE  FROM      YEAR
                                                  NORMAL
..................................................................
TEMPERATURE (F)
 YESTERDAY
  MAXIMUM         68    855 AM  90    2014  68      0       90
                                      2004
  MINIMUM         57    524 AM  49    1991  56      1       64
                                      1971
                                      1964
  AVERAGE         63                        62      1       77

PRECIPITATION (IN)
  YESTERDAY        0.00          0.65 2003   0.02  -0.02     0.00
  MONTH TO DATE    0.00                      0.03  -0.03     0.00
  SINCE OCT 1      6.82                     12.26  -5.44     4.42
  SINCE JAN 1      2.12                      8.54  -6.42     3.41

SNOWFALL (IN)
  YESTERDAY        0.0
  MONTH TO DATE    0.0
  SINCE MAR 1      0.0
  SINCE JUL 1      0.0

DEGREE DAYS
 HEATING
  YESTERDAY        2                         4     -2        0
  MONTH TO DATE    3                         8     -5        0
  SINCE MAR 1    170                       387   -217      183
  SINCE JUL 1    703                      1316   -613      738

 COOLING
  YESTERDAY        0                         1     -1       12
  MONTH TO DATE    0                         2     -2       24
  SINCE MAR 1     86                        19     67       71
  SINCE JAN 1    113                        28     85       87
..................................................................


WIND (MPH)
  HIGHEST WIND SPEED    22   HIGHEST WIND DIRECTION     W (250)
  HIGHEST GUST SPEED    26   HIGHEST GUST DIRECTION    SW (220)
  AVERAGE WIND SPEED     8.3


SKY COVER
  POSSIBLE SUNSHINE  MM
  AVERAGE SKY COVER 0.1


WEATHER CONDITIONS
 THE FOLLOWING WEATHER WAS RECORDED YESTERDAY.
  FOG
  HAZE


RELATIVE HUMIDITY (PERCENT)
 HIGHEST    93           500 AM
 LOWEST     58           200 PM
 AVERAGE    76

..........................................................


THE LOS ANGELES INTL AIRPORT CA CLIMATE NORMALS FOR TODAY
                         NORMAL    RECORD    YEAR
 MAXIMUM TEMPERATURE (F)   68        90      2013
 MINIMUM TEMPERATURE (F)   56        48      1955


SUNRISE AND SUNSET
MAY  3 2015...........SUNRISE   603 AM PDT   SUNSET   739 PM PDT
MAY  4 2015...........SUNRISE   602 AM PDT   SUNSET   739 PM PDT


-  INDICATES NEGATIVE NUMBERS.
R  INDICATES RECORD WAS SET OR TIED.
MM INDICATES DATA IS MISSING.
T  INDICATES TRACE AMOUNT.




$$
