000
CDUS44 KLUB 050627
CLILBB


CLIMATE REPORT
NATIONAL WEATHER SERVICE LUBBOCK, TX
126 AM CDT TUE MAY 5 2015


...................................

...THE LUBBOCK CLIMATE SUMMARY FOR MAY 4 2015...

CLIMATE NORMAL PERIOD 1981 TO 2010
CLIMATE RECORD PERIOD 1911 TO 2015


WEATHER ITEM   OBSERVED TIME   RECORD YEAR NORMAL DEPARTURE LAST
                VALUE   (LST)  VALUE       VALUE  FROM      YEAR
                                                  NORMAL
..................................................................
TEMPERATURE (F)
 YESTERDAY
  MAXIMUM         80    237 PM 104    1947  81     -1       95
  MINIMUM         56    612 PM  35    1935  52      4       65
                                      1933
  AVERAGE         68                        66      2       80

PRECIPITATION (IN)
  YESTERDAY        3.42R         0.82 2001   0.06   3.36     0.00
  MONTH TO DATE    3.42                      0.22   3.20     0.00
  SINCE MAR 1      4.96                      2.73   2.23     0.74
  SINCE JAN 1      7.23                      4.13   3.10     0.90

SNOWFALL (IN)
  YESTERDAY        0.0                       0.0    0.0      0.0
  MONTH TO DATE    0.0                       0.0    0.0      0.0
  SINCE MAR 1      1.1                       0.8    0.3       T
  SINCE JUL 1     14.7                       8.2    6.5      4.2
  SNOW DEPTH       0

DEGREE DAYS
 HEATING
  YESTERDAY        0                         2     -2        0
  MONTH TO DATE    0                        10    -10       17
  SINCE MAR 1    512                       608    -96      627
  SINCE JUL 1   3231                      3347   -116     3479

 COOLING
  YESTERDAY        3                         4     -1       15
  MONTH TO DATE   15                        13      2       19
  SINCE MAR 1     70                        69      1       77
  SINCE JAN 1     70                        69      1       77
..................................................................


WIND (MPH)
  RESULTANT WIND SPEED   8   RESULTANT WIND DIRECTION  SE (140)
  HIGHEST WIND SPEED    31   HIGHEST WIND DIRECTION    SE (140)
  HIGHEST GUST SPEED    38   HIGHEST GUST DIRECTION    SE (120)
  AVERAGE WIND SPEED    12.5


SKY COVER
  AVERAGE SKY COVER 0.8


WEATHER CONDITIONS
 THE FOLLOWING WEATHER WAS RECORDED YESTERDAY.
  THUNDERSTORM
  HEAVY RAIN
  RAIN
  LIGHT RAIN
  FOG


RELATIVE HUMIDITY (PERCENT)
 HIGHEST    93           600 PM
 LOWEST     43           300 PM
 AVERAGE    68

..........................................................


THE LUBBOCK CLIMATE NORMALS FOR TODAY
                         NORMAL    RECORD    YEAR
 MAXIMUM TEMPERATURE (F)   81        99      2014
                                             2012
                                             1940
 MINIMUM TEMPERATURE (F)   52        34      1953


SUNRISE AND SUNSET
MAY  5 2015...........SUNRISE   655 AM CDT   SUNSET   833 PM CDT
MAY  6 2015...........SUNRISE   654 AM CDT   SUNSET   834 PM CDT


-  INDICATES NEGATIVE NUMBERS.
R  INDICATES RECORD WAS SET OR TIED.
MM INDICATES DATA IS MISSING.
T  INDICATES TRACE AMOUNT.




$$
