000
CDUS43 KLBF 250936
CLILBF

CLIMATE REPORT
NATIONAL WEATHER SERVICE NORTH PLATTE
435 AM CDT SAT APR 25 2015


...................................

...THE NORTH PLATTE NE CLIMATE SUMMARY FOR APRIL 24 2015...

CLIMATE NORMAL PERIOD 1981 TO 2010
CLIMATE RECORD PERIOD 1874 TO 2015


WEATHER ITEM   OBSERVED TIME   RECORD YEAR NORMAL DEPARTURE LAST
                VALUE   (LST)  VALUE       VALUE  FROM      YEAR
                                                  NORMAL
..................................................................
TEMPERATURE (F)
 YESTERDAY
  MAXIMUM         73    357 PM  93    2012  65      8       69
  MINIMUM         47    332 AM  14    2013  36     11       40
  AVERAGE         60                        50     10       55

PRECIPITATION (IN)
  YESTERDAY        0.17          1.78 1935   0.08   0.09      T
  MONTH TO DATE    2.98                      1.73   1.25     0.18
  SINCE MAR 1      2.99                      2.78   0.21     0.97
  SINCE JAN 1      3.73                      3.62   0.11     2.02

SNOWFALL (IN)
  YESTERDAY        0.0           2.3  1907   0.1   -0.1      0.0
  MONTH TO DATE    2.1                       3.0   -0.9      1.1
  SINCE MAR 1      2.4                       7.4   -5.0      7.4
  SINCE JUL 1     21.3                      28.3   -7.0     29.8
  SNOW DEPTH       0

DEGREE DAYS
 HEATING
  YESTERDAY        5                        15    -10       10
  MONTH TO DATE  366                       444    -78      408
  SINCE MAR 1   1025                      1281   -256     1282
  SINCE JUL 1   5914                      6309   -395     6473

 COOLING
  YESTERDAY        0                         0      0        0
  MONTH TO DATE    2                         0      2        2
  SINCE MAR 1      2                         0      2        2
  SINCE JAN 1      2                         0      2        2
..................................................................


WIND (MPH)
  HIGHEST WIND SPEED    28   HIGHEST WIND DIRECTION    NE (60)
  HIGHEST GUST SPEED    33   HIGHEST GUST DIRECTION    NE (60)
  AVERAGE WIND SPEED     6.5


SKY COVER
  POSSIBLE SUNSHINE  MM
  AVERAGE SKY COVER  MM


WEATHER CONDITIONS
 THE FOLLOWING WEATHER WAS RECORDED YESTERDAY.
  THUNDERSTORM
  LIGHT RAIN


RELATIVE HUMIDITY (PERCENT)
 HIGHEST    MM
 LOWEST     MM
 AVERAGE    MM

..........................................................


THE NORTH PLATTE NE CLIMATE NORMALS FOR TODAY
                         NORMAL    RECORD    YEAR
 MAXIMUM TEMPERATURE (F)   65        89      1962
                                             1949
 MINIMUM TEMPERATURE (F)   36        18      2002


SUNRISE AND SUNSET
APRIL 25 2015.........SUNRISE   649 AM CDT   SUNSET   833 PM CDT
APRIL 26 2015.........SUNRISE   648 AM CDT   SUNSET   834 PM CDT


-  INDICATES NEGATIVE NUMBERS.
R  INDICATES RECORD WAS SET OR TIED.
MM INDICATES DATA IS MISSING.
T  INDICATES TRACE AMOUNT.

$$
