000
CDUS45 KBYZ 060934
CLILVM


CLIMATE REPORT
NATIONAL WEATHER SERVICE BILLINGS MT
332 AM MDT WED MAY 6 2015


...................................

...THE LIVINGSTON MT CLIMATE SUMMARY FOR MAY 5 2015...

CLIMATE NORMAL PERIOD 1981 TO 2010
CLIMATE RECORD PERIOD 1948 TO 2015


WEATHER ITEM   OBSERVED TIME   RECORD YEAR NORMAL DEPARTURE LAST
                VALUE   (LST)  VALUE       VALUE  FROM      YEAR
                                                  NORMAL
..................................................................
TEMPERATURE (F)
 YESTERDAY
  MAXIMUM         72   1113 AM  85    1966  62     10       65
  MINIMUM         37    353 AM  19    2010  34      3       40
                                      2006
  AVERAGE         55                        48      7       53

PRECIPITATION (IN)
  YESTERDAY        0.01          0.58        0.07  -0.06     0.01
  MONTH TO DATE    0.01                      0.36  -0.35     0.01
  SINCE OCT 1      4.49                      6.33  -1.84     7.02
  SINCE JAN 1      2.70                      3.96  -1.26     4.73

DEGREE DAYS
 HEATING
  YESTERDAY       10                        18     -8       12
  MONTH TO DATE   55                        91    -36       67
  SINCE MAR 1   1283                      1691   -408     1600
  SINCE JUL 1   5897                      7039  -1142     6843

 COOLING
  YESTERDAY        0                         0      0        0
  MONTH TO DATE    0                         0      0        0
  SINCE MAR 1      0                         0      0        0
  SINCE JAN 1      0                         0      0        0
..................................................................


WIND (MPH)
  HIGHEST WIND SPEED    23   HIGHEST WIND DIRECTION     W (260)
  HIGHEST GUST SPEED    29   HIGHEST GUST DIRECTION    SE (140)
  AVERAGE WIND SPEED     8.7


SKY COVER
  POSSIBLE SUNSHINE  MM
  AVERAGE SKY COVER 0.5


WEATHER CONDITIONS
 THE FOLLOWING WEATHER WAS RECORDED YESTERDAY.
  LIGHT RAIN


RELATIVE HUMIDITY (PERCENT)
 HIGHEST    85           200 AM
 LOWEST     31          1200 PM
 AVERAGE    58

..........................................................


THE LIVINGSTON MT CLIMATE NORMALS FOR TODAY
                         NORMAL    RECORD    YEAR
 MAXIMUM TEMPERATURE (F)   62        88      1966
 MINIMUM TEMPERATURE (F)   34        21      1986


SUNRISE AND SUNSET
MAY  6 2015...........SUNRISE   602 AM MDT   SUNSET   835 PM MDT
MAY  7 2015...........SUNRISE   601 AM MDT   SUNSET   836 PM MDT


-  INDICATES NEGATIVE NUMBERS.
R  INDICATES RECORD WAS SET OR TIED.
MM INDICATES DATA IS MISSING.
T  INDICATES TRACE AMOUNT.





&&

THIS IS AN AUTOMATED...UNATTENDED WEATHER STATION AND MAY
UNDERESTIMATE WINTER PRECIPITATION.

$$
