000
CDUS46 KOTX 062332
CLILWS


CLIMATE REPORT
NATIONAL WEATHER SERVICE SPOKANE, WA
432 PM PDT WED MAY 6 2015


...................................

...THE LEWISTON ID AIRPORT CLIMATE SUMMARY FOR MAY 6 2015...
VALID AS OF 0400 PM LOCAL TIME.

CLIMATE NORMAL PERIOD 1981 TO 2010
CLIMATE RECORD PERIOD 1881 TO 2015


WEATHER ITEM   OBSERVED TIME   RECORD YEAR NORMAL DEPARTURE LAST
                VALUE   (LST)  VALUE       VALUE  FROM      YEAR
                                                  NORMAL
..................................................................
TEMPERATURE (F)
 TODAY
  MAXIMUM         65    257 PM  92    1947  68     -3       66
  MINIMUM         38    449 AM  33    1959  44     -6       42
                                      1950
  AVERAGE         52                        56     -4       54

PRECIPITATION (IN)
  TODAY            0.00          0.64 2005   0.05  -0.05      T
  MONTH TO DATE    0.00                      0.28  -0.28     0.16
  SINCE OCT 1      7.95                      7.72   0.23     6.46
  SINCE JAN 1      3.76                      4.61  -0.85     4.93

SNOWFALL (IN)
  TODAY            0.0           0.0  1995   0.0    0.0      0.0
  MONTH TO DATE    0.0                       0.0    0.0      0.0
  SINCE MAR 1      0.0                       0.7   -0.7      0.6
  SINCE JUL 1      1.5                      10.5   -9.0     16.5
  SNOW DEPTH       0

DEGREE DAYS
 HEATING
  TODAY           13                         9      4       11
  MONTH TO DATE   38                        60    -22       32
  SINCE MAR 1    935                      1085   -150     1032
  SINCE JUL 1   4157                      4940   -783     5193

 COOLING
  TODAY            0                         1     -1        0
  MONTH TO DATE    0                         3     -3        4
  SINCE MAR 1      1                         5     -4        4
  SINCE JAN 1      1                         5     -4        4
..................................................................


WIND (MPH)
  HIGHEST WIND SPEED    16   HIGHEST WIND DIRECTION    NW (320)
  HIGHEST GUST SPEED    20   HIGHEST GUST DIRECTION    NW (320)
  AVERAGE WIND SPEED     5.7


SKY COVER
  POSSIBLE SUNSHINE  MM
  AVERAGE SKY COVER 0.4


WEATHER CONDITIONS
 THE FOLLOWING WEATHER WAS RECORDED TODAY.
  NO SIGNIFICANT WEATHER WAS OBSERVED.


RELATIVE HUMIDITY (PERCENT)
 HIGHEST    64
 LOWEST     28
 AVERAGE    46

..........................................................


THE LEWISTON ID AIRPORT CLIMATE NORMALS FOR TOMORROW
                         NORMAL    RECORD    YEAR
 MAXIMUM TEMPERATURE (F)   69        93      1987
 MINIMUM TEMPERATURE (F)   45        33      2003


SUNRISE AND SUNSET
MAY  6 2015...........SUNRISE   527 AM PDT   SUNSET   803 PM PDT
MAY  7 2015...........SUNRISE   525 AM PDT   SUNSET   805 PM PDT


-  INDICATES NEGATIVE NUMBERS.
R  INDICATES RECORD WAS SET OR TIED.
MM INDICATES DATA IS MISSING.
T  INDICATES TRACE AMOUNT.




$$
