000
CDUS44 KMEG 180626
CLIMEG


CLIMATE REPORT
NATIONAL WEATHER SERVICE MEMPHIS TN
125 AM CDT SAT APR 18 2015


...................................

...THE MEMPHIS/GERMANTOWN WFO CLIMATE SUMMARY FOR APRIL 17 2015...

CLIMATE NORMAL PERIOD 1981 TO 2010
CLIMATE RECORD PERIOD 1988 TO 2015


WEATHER ITEM   OBSERVED TIME   RECORD YEAR NORMAL DEPARTURE LAST
                VALUE   (LST)  VALUE       VALUE  FROM      YEAR
                                                  NORMAL
..................................................................
TEMPERATURE (F)
 YESTERDAY
  MAXIMUM         72    350 PM  93    2006  73     -1       72
  MINIMUM         60   1150 PM  37    1999  49     11       38
  AVERAGE         66                        61      5       55

PRECIPITATION (IN)
  YESTERDAY        0.00          0.35 1990   0.18  -0.18     0.00
  MONTH TO DATE    1.90                      2.89  -0.99     2.89
  SINCE MAR 1      8.56                      7.84   0.72     8.93
  SINCE JAN 1     14.64                     16.47  -1.83    17.55

SNOWFALL (IN)
  YESTERDAY        0.0          MM      MM   0.0    0.0      0.0
  MONTH TO DATE    0.0                       0.0    0.0      0.0
  SINCE MAR 1      4.1                       0.8    3.3      0.3
  SINCE JUL 1      6.3                       2.4    3.9      0.8
  SNOW DEPTH       0

DEGREE DAYS
 HEATING
  YESTERDAY        0                         6     -6       10
  MONTH TO DATE   48                       135    -87      137
  SINCE MAR 1    469                       571   -102      659
  SINCE JUL 1   3376                      3317     59     3663

 COOLING
  YESTERDAY        1                         2     -1        0
  MONTH TO DATE   63                        24     39       34
  SINCE MAR 1     66                        35     31       36
  SINCE JAN 1     66                        36     30       36
..................................................................







THE MEMPHIS/GERMANTOWN WFO CLIMATE NORMALS FOR TODAY
                         NORMAL    RECORD    YEAR
 MAXIMUM TEMPERATURE (F)   73        94      2006
 MINIMUM TEMPERATURE (F)   50        34      1999


SUNRISE AND SUNSET
APRIL 18 2015.........SUNRISE   624 AM CDT   SUNSET   734 PM CDT
APRIL 19 2015.........SUNRISE   622 AM CDT   SUNSET   735 PM CDT


-  INDICATES NEGATIVE NUMBERS.
R  INDICATES RECORD WAS SET OR TIED.
MM INDICATES DATA IS MISSING.
T  INDICATES TRACE AMOUNT.




$$
