000
CDUS44 KJAN 270838
CLIMEI


CLIMATE REPORT
NATIONAL WEATHER SERVICE JACKSON MS
329 AM CDT MON APR 27 2015


...................................

...THE MERIDIAN CLIMATE SUMMARY FOR APRIL 26 2015...

CLIMATE NORMAL PERIOD 1981 TO 2010
CLIMATE RECORD PERIOD 1889 TO 2015


WEATHER ITEM   OBSERVED TIME   RECORD YEAR NORMAL DEPARTURE LAST
                VALUE   (LST)  VALUE       VALUE  FROM      YEAR
                                                  NORMAL
..................................................................
TEMPERATURE (F)
 YESTERDAY
  MAXIMUM         87    214 PM  89    1989  79      8       87
  MINIMUM         57    548 AM  34    1910  52      5       50
  AVERAGE         72                        65      7       69

PRECIPITATION (IN)
  YESTERDAY        0.00          2.63 1964   0.16  -0.16     0.00
  MONTH TO DATE    5.15                      4.20   0.95     9.91
  SINCE MAR 1     10.06                      9.62   0.44    15.65
  SINCE JAN 1     20.90                     20.35   0.55    25.00

SNOWFALL (IN)
  YESTERDAY        0.0           0.0    MM   0.0    0.0      0.0
  MONTH TO DATE    0.0                       0.1   -0.1      0.0
  SINCE MAR 1      T                         0.3   -0.3      0.0
  SINCE JUL 1      T                         0.6   -0.6      2.5

DEGREE DAYS
 HEATING
  YESTERDAY        0                         2     -2        0
  MONTH TO DATE   32                       122    -90      116
  SINCE MAR 1    242                       429   -187      465
  SINCE JUL 1   2483                      2526    -43     2841

 COOLING
  YESTERDAY        7                         3      4        4
  MONTH TO DATE  113                        46     67       30
  SINCE MAR 1    140                        63     77       32
  SINCE JAN 1    140                        70     70       39
..................................................................


WIND (MPH)
  HIGHEST WIND SPEED    17   HIGHEST WIND DIRECTION    NE (30)
  HIGHEST GUST SPEED    22   HIGHEST GUST DIRECTION    NE (30)
  AVERAGE WIND SPEED     5.4


SKY COVER
  POSSIBLE SUNSHINE  MM
  AVERAGE SKY COVER 0.1


WEATHER CONDITIONS
 THE FOLLOWING WEATHER WAS RECORDED YESTERDAY.
  FOG


RELATIVE HUMIDITY (PERCENT)
 HIGHEST   100          1200 AM
 LOWEST     30           300 PM
 AVERAGE    65

..........................................................


THE MERIDIAN CLIMATE NORMALS FOR TODAY
                         NORMAL    RECORD    YEAR
 MAXIMUM TEMPERATURE (F)   79        92      1987
 MINIMUM TEMPERATURE (F)   53        39      1992
                                             1976


SUNRISE AND SUNSET
APRIL 27 2015.........SUNRISE   613 AM CDT   SUNSET   733 PM CDT
APRIL 28 2015.........SUNRISE   612 AM CDT   SUNSET   734 PM CDT


-  INDICATES NEGATIVE NUMBERS.
R  INDICATES RECORD WAS SET OR TIED.
MM INDICATES DATA IS MISSING.
T  INDICATES TRACE AMOUNT.




$$
