000
CDUS44 KBRO 202129
CLIMFE


CLIMATE REPORT
NATIONAL WEATHER SERVICE BROWNSVILLE TX
429 PM CDT MON APR 20 2015


...................................

...THE MCALLEN CLIMATE SUMMARY FOR APRIL 20 2015...
VALID TODAY AS OF 0400 PM LOCAL TIME.

CLIMATE NORMAL PERIOD 1981 TO 2010
CLIMATE RECORD PERIOD 1941 TO 2015


WEATHER ITEM   OBSERVED TIME   RECORD YEAR NORMAL DEPARTURE LAST
                VALUE   (LST)  VALUE       VALUE  FROM      YEAR
                                                  NORMAL
..................................................................
TEMPERATURE (F)
 TODAY
  MAXIMUM         80    526 AM 101    1973  88     -8       80
  MINIMUM         74    856 AM  50    2013  67      7       69
  AVERAGE         77                        77      0       75

PRECIPITATION (IN)
  TODAY            T             1.20 1977   0.05  -0.05     0.00
  MONTH TO DATE    3.63                      0.76   2.87     0.03
  SINCE MAR 1      5.02                      1.79   3.23     1.20
  SINCE JAN 1      5.61                      3.95   1.66     2.08

SNOWFALL (IN)
  TODAY            0.0
  MONTH TO DATE    0.0
  SINCE MAR 1      0.0
  SINCE JUL 1      0.0
  SNOW DEPTH       0

DEGREE DAYS
 HEATING
  TODAY            0                         0      0        0
  MONTH TO DATE    0                         3     -3        9
  SINCE MAR 1     66                        41     25      107
  SINCE JUL 1    756                       574    182      883

 COOLING
  TODAY           12                        12      0       10
  MONTH TO DATE  288                       221     67      178
  SINCE MAR 1    454                       439     15      314
  SINCE JAN 1    539                       598    -59      442
..................................................................


WIND (MPH)
  HIGHEST WIND SPEED    28   HIGHEST WIND DIRECTION    NE (50)
  HIGHEST GUST SPEED    36   HIGHEST GUST DIRECTION    NE (50)
  AVERAGE WIND SPEED    10.1



WEATHER CONDITIONS
 THE FOLLOWING WEATHER WAS RECORDED TODAY.
  LIGHT RAIN
  FOG
  HAZE


..........................................................


THE MCALLEN CLIMATE NORMALS FOR TOMORROW
                         NORMAL    RECORD    YEAR
 MAXIMUM TEMPERATURE (F)   88       100      1973
 MINIMUM TEMPERATURE (F)   67        53      1953


SUNRISE AND SUNSET
APRIL 20 2015.........SUNRISE   705 AM CDT   SUNSET   759 PM CDT
APRIL 21 2015.........SUNRISE   704 AM CDT   SUNSET   759 PM CDT


-  INDICATES NEGATIVE NUMBERS.
R  INDICATES RECORD WAS SET OR TIED.
MM INDICATES DATA IS MISSING.
T  INDICATES TRACE AMOUNT.




$$
