000
CDUS44 KBMX 210755
CLIMGM


CLIMATE REPORT
NATIONAL WEATHER SERVICE BIRMINGHAM, AL
254 AM CDT TUE APR 21 2015


...................................

...THE MONTGOMERY CLIMATE SUMMARY FOR APRIL 20 2015...

CLIMATE NORMAL PERIOD 1981 TO 2010
CLIMATE RECORD PERIOD 1994 TO 2015


WEATHER ITEM   OBSERVED TIME   RECORD YEAR NORMAL DEPARTURE LAST
                VALUE   (LST)  VALUE       VALUE  FROM      YEAR
                                                  NORMAL
..................................................................
TEMPERATURE (F)
 YESTERDAY
  MAXIMUM         80    303 PM  90    1994  78      2       77
  MINIMUM         57   1159 PM  38    2013  53      4       56
                                      1953
  AVERAGE         69                        65      4       67

PRECIPITATION (IN)
  YESTERDAY        0.00          3.25 1912   0.12  -0.12     0.00
  MONTH TO DATE    5.66                      2.90   2.76     7.94
  SINCE MAR 1      7.66                      8.85  -1.19    13.46
  SINCE JAN 1     15.32                     18.78  -3.46    21.13

SNOWFALL (IN)
  YESTERDAY        0.0                       0.0    0.0      0.0
  MONTH TO DATE    0.0                       0.0    0.0      0.0
  SINCE MAR 1      0.0                       0.3   -0.3      0.0
  SINCE JUL 1      0.0                       0.4   -0.4      0.5
  SNOW DEPTH       0

DEGREE DAYS
 HEATING
  YESTERDAY        0                         3     -3        0
  MONTH TO DATE    9                        81    -72       59
  SINCE MAR 1    161                       336   -175      339
  SINCE JUL 1   2131                      2208    -77     2297

 COOLING
  YESTERDAY        4                         3      1        2
  MONTH TO DATE  117                        38     79       29
  SINCE MAR 1    188                        61    127       32
  SINCE JAN 1    188                        67    121       39
..................................................................


WIND (MPH)
  HIGHEST WIND SPEED    18   HIGHEST WIND DIRECTION     W (290)
  HIGHEST GUST SPEED    23   HIGHEST GUST DIRECTION     W (250)
  AVERAGE WIND SPEED     8.1


SKY COVER
  AVERAGE SKY COVER 0.2


WEATHER CONDITIONS
 THE FOLLOWING WEATHER WAS RECORDED YESTERDAY.
  NO SIGNIFICANT WEATHER WAS OBSERVED.


RELATIVE HUMIDITY (PERCENT)
 HIGHEST    87           500 AM
 LOWEST     45           200 PM
 AVERAGE    66

..........................................................


THE MONTGOMERY CLIMATE NORMALS FOR TODAY
                         NORMAL    RECORD    YEAR
 MAXIMUM TEMPERATURE (F)   78        91      1987
 MINIMUM TEMPERATURE (F)   53        35      1953


SUNRISE AND SUNSET
APRIL 21 2015.........SUNRISE   610 AM CDT   SUNSET   719 PM CDT
APRIL 22 2015.........SUNRISE   609 AM CDT   SUNSET   720 PM CDT


-  INDICATES NEGATIVE NUMBERS.
R  INDICATES RECORD WAS SET OR TIED.
MM INDICATES DATA IS MISSING.
T  INDICATES TRACE AMOUNT.




$$
