000
CDUS43 KTOP 060632
CLIMHK


CLIMATE REPORT
NATIONAL WEATHER SERVICE TOPEKA KS
131 AM CDT WED MAY 6 2015


...................................

...THE MANHATTAN KS CLIMATE SUMMARY FOR MAY 5 2015...

CLIMATE NORMAL PERIOD 1981 TO 2010
CLIMATE RECORD PERIOD 9999 TO 9999


WEATHER ITEM   OBSERVED NORMAL DEPARTURE LAST
                VALUE   VALUE  FROM      YEAR
                               NORMAL
...............................................
TEMPERATURE (F)
 YESTERDAY
  MAXIMUM         80     73      7       80
  MINIMUM         58     48     10       50
  AVERAGE         69     60      9       65

PRECIPITATION (IN)
  YESTERDAY        T      0.15  -0.15     0.00
  MONTH TO DATE    4.26   0.73   3.53     0.00
  SINCE MAR 1      7.04   5.73   1.31     2.48
  SINCE JAN 1      8.50   7.45   1.05     3.70

DEGREE DAYS
 HEATING
  YESTERDAY        0      6     -6        0
  MONTH TO DATE    3     33    -30       30
  SINCE MAR 1    828   1054   -226     1122
  SINCE JUL 1   5022   5214   -192     5653

 COOLING
  YESTERDAY        4      1      3        0
  MONTH TO DATE   28      5     23        6
  SINCE MAR 1     36     22     14       36
  SINCE JAN 1     36     22     14       36
...............................................


WIND (MPH)
  HIGHEST WIND SPEED    23   HIGHEST WIND DIRECTION     S (170)
  HIGHEST GUST SPEED    29   HIGHEST GUST DIRECTION     S (160)
  AVERAGE WIND SPEED     9.0


SKY COVER
  AVERAGE SKY COVER 0.6


WEATHER CONDITIONS
 THE FOLLOWING WEATHER WAS RECORDED YESTERDAY.
  LIGHT RAIN
  FOG


RELATIVE HUMIDITY (PERCENT)
 HIGHEST   100
 LOWEST     43
 AVERAGE    72

..........................................................


THE MANHATTAN KS CLIMATE NORMALS FOR TODAY
                         NORMAL
 MAXIMUM TEMPERATURE (F)   73
 MINIMUM TEMPERATURE (F)   48


SUNRISE AND SUNSET
MAY  6 2015...........SUNRISE   623 AM CDT   SUNSET   824 PM CDT
MAY  7 2015...........SUNRISE   622 AM CDT   SUNSET   825 PM CDT


-  INDICATES NEGATIVE NUMBERS.
R  INDICATES RECORD WAS SET OR TIED.
MM INDICATES DATA IS MISSING.
T  INDICATES TRACE AMOUNT.




$$
