000
CDUS46 KMFR 180843
CLIMHS


CLIMATE REPORT
NATIONAL WEATHER SERVICE MEDFORD, OR
143 AM PDT SAT APR 18 2015


...................................

...THE MT SHASTA CITY CA CLIMATE SUMMARY FOR APRIL 17 2015...

CLIMATE NORMAL PERIOD 1981 TO 2010
CLIMATE RECORD PERIOD 1908 TO 2015


WEATHER ITEM   OBSERVED TIME   RECORD YEAR NORMAL DEPARTURE LAST
                VALUE   (LST)  VALUE       VALUE  FROM      YEAR
                                                  NORMAL
..................................................................
TEMPERATURE (F)
 YESTERDAY
  MAXIMUM         79    307 PM  80    1939  61     18       68
  MINIMUM         33    604 AM  19    1927  33      0       38
  AVERAGE         56                        47      9       53

PRECIPITATION (IN)
  YESTERDAY        0.00          2.23 1967   0.10  -0.10     0.02
  MONTH TO DATE    1.36                      1.80  -0.44     0.56
  SINCE OCT 1     32.79                     37.26  -4.47    12.08
  SINCE JAN 1     13.27                     22.05  -8.78    10.97

SNOWFALL (IN)
  YESTERDAY       MM                         0.2   MM       MM
  MONTH TO DATE   MM                         4.2   MM       MM
  SINCE JUL 1     MM                        90.3   MM        0.0
  SNOW DEPTH      MM

DEGREE DAYS
 HEATING
  YESTERDAY        9                        18     -9       12
  MONTH TO DATE  341                       326     15      224
  SINCE MAR 1    830                      1030   -200      828
  SINCE JUL 1   3796                      5005  -1209     4444

 COOLING
  YESTERDAY        0                         0      0        0
  MONTH TO DATE    0                         0      0        0
  SINCE MAR 1      0                         0      0        0
  SINCE JAN 1      0                         0      0        0
..................................................................


WIND (MPH)
  HIGHEST WIND SPEED    10   HIGHEST WIND DIRECTION     N (350)
  HIGHEST GUST SPEED    20   HIGHEST GUST DIRECTION     N (340)
  AVERAGE WIND SPEED     3.5


SKY COVER
  POSSIBLE SUNSHINE  MM
  AVERAGE SKY COVER 0.0


WEATHER CONDITIONS
 THE FOLLOWING WEATHER WAS RECORDED YESTERDAY.
  NO SIGNIFICANT WEATHER WAS OBSERVED.


RELATIVE HUMIDITY (PERCENT)
 HIGHEST    75           500 AM
 LOWEST     13           300 PM

..........................................................


THE MT SHASTA CITY CA CLIMATE NORMALS FOR TODAY
                         NORMAL    RECORD    YEAR
 MAXIMUM TEMPERATURE (F)   61        78      1939
 MINIMUM TEMPERATURE (F)   34        18      1955


SUNRISE AND SUNSET
APRIL 18 2015.........SUNRISE   625 AM PDT   SUNSET   753 PM PDT
APRIL 19 2015.........SUNRISE   624 AM PDT   SUNSET   754 PM PDT


-  INDICATES NEGATIVE NUMBERS.
R  INDICATES RECORD WAS SET OR TIED.
MM INDICATES DATA IS MISSING.
T  INDICATES TRACE AMOUNT.




$$
