000
CDUS42 KMFL 280843
CLIMIA


CLIMATE REPORT
NATIONAL WEATHER SERVICE MIAMI, FL
442 AM EDT TUE APR 28 2015


...................................

...THE MIAMI CLIMATE SUMMARY FOR APRIL 27 2015...

CLIMATE NORMAL PERIOD 1981 TO 2010
CLIMATE RECORD PERIOD 1895 TO 2015


WEATHER ITEM   OBSERVED TIME   RECORD YEAR NORMAL DEPARTURE LAST
                VALUE   (LST)  VALUE       VALUE  FROM      YEAR
                                                  NORMAL
..................................................................
TEMPERATURE (F)
 YESTERDAY
  MAXIMUM         94R  1246 PM  93    1988  85      9       88
  MINIMUM         78   1159 PM  54    1937  70      8       74
  AVERAGE         86                        77      9       81

PRECIPITATION (IN)
  YESTERDAY        0.00          2.44 1948   0.09  -0.09     0.00
  MONTH TO DATE    1.86                      2.85  -0.99     1.18
  SINCE NOV 1     10.92                     15.03  -4.11    17.26
  SINCE JAN 1      6.94                      9.72  -2.78     6.86

SNOWFALL (IN)
  YESTERDAY        0.0
  MONTH TO DATE    0.0
  SINCE MAR 1      0.0
  SINCE JUL 1      0.0
  SNOW DEPTH       0

DEGREE DAYS
 HEATING
  YESTERDAY        0                         0      0        0
  MONTH TO DATE    0                         0      0        0
  SINCE MAR 1      0                        11    -11        0
  SINCE JUL 1     76                       127    -51       61

 COOLING
  YESTERDAY       21                        12      9       16
  MONTH TO DATE  429                       286    143      328
  SINCE MAR 1    801                       533    268      605
  SINCE JAN 1   1140                       855    285     1026
..................................................................


WIND (MPH)
  HIGHEST WIND SPEED    21   HIGHEST WIND DIRECTION    NE (50)
  HIGHEST GUST SPEED    28   HIGHEST GUST DIRECTION    NE (40)
  AVERAGE WIND SPEED     7.3


SKY COVER
  POSSIBLE SUNSHINE  66 PERCENT
  AVERAGE SKY COVER 0.5


WEATHER CONDITIONS
 THE FOLLOWING WEATHER WAS RECORDED YESTERDAY.
  NO SIGNIFICANT WEATHER WAS OBSERVED.


RELATIVE HUMIDITY (PERCENT)
 HIGHEST    91
 LOWEST     49
 AVERAGE    70

..........................................................


THE MIAMI CLIMATE NORMALS FOR TODAY
                         NORMAL    RECORD    YEAR
 MAXIMUM TEMPERATURE (F)   85        93      1909
 MINIMUM TEMPERATURE (F)   70        53      1898


SUNRISE AND SUNSET
APRIL 28 2015.........SUNRISE   647 AM EDT   SUNSET   751 PM EDT
APRIL 29 2015.........SUNRISE   646 AM EDT   SUNSET   751 PM EDT


-  INDICATES NEGATIVE NUMBERS.
R  INDICATES RECORD WAS SET OR TIED.
MM INDICATES DATA IS MISSING.
T  INDICATES TRACE AMOUNT.




$$
