000
CDUS43 KIND 280532
CLIMIE


CLIMATE REPORT
NATIONAL WEATHER SERVICE INDIANAPOLIS IN
132 AM EDT TUE APR 28 2015


...................................

...THE MUNCIE IN CLIMATE SUMMARY FOR APRIL 27 2015...

CLIMATE NORMAL PERIOD 1981 TO 2010
CLIMATE RECORD PERIOD 9999 TO 9999


WEATHER ITEM   OBSERVED TIME   NORMAL DEPARTURE LAST
                VALUE   (LST)  VALUE  FROM      YEAR
                                      NORMAL
......................................................
TEMPERATURE (F)
 YESTERDAY
  MAXIMUM         56   1234 PM  66    -10       71
  MINIMUM         35    551 AM  45    -10       41
  AVERAGE         46            56    -10       56

PRECIPITATION (IN)
  YESTERDAY        0.00          0.12  -0.12     0.00
  MONTH TO DATE    4.14          3.30   0.84     5.17
  SINCE MAR 1      7.16          6.25   0.91     6.70
  SINCE JAN 1     10.10         10.79  -0.69     9.66

DEGREE DAYS
 HEATING
  YESTERDAY       19            10      9        9
  MONTH TO DATE  324           393    -69      376
  SINCE MAR 1   1190          1180     10     1328
  SINCE JUL 1   6055          5563    492     6238

 COOLING
  YESTERDAY        0             1     -1        0
  MONTH TO DATE    3            10     -7        6
  SINCE MAR 1      3            11     -8        6
  SINCE JAN 1      3            11     -8        6
......................................................


WIND (MPH)
  HIGHEST WIND SPEED    16   HIGHEST WIND DIRECTION     N (10)
  HIGHEST GUST SPEED    21   HIGHEST GUST DIRECTION     N (350)
  AVERAGE WIND SPEED     9.2


SKY COVER
  AVERAGE SKY COVER 0.5


WEATHER CONDITIONS
 THE FOLLOWING WEATHER WAS RECORDED YESTERDAY.
  NO SIGNIFICANT WEATHER WAS OBSERVED.


RELATIVE HUMIDITY (PERCENT)
 HIGHEST    82           600 AM
 LOWEST     54          1200 PM
 AVERAGE    68

..........................................................


THE MUNCIE IN CLIMATE NORMALS FOR TODAY
                         NORMAL
 MAXIMUM TEMPERATURE (F)   66
 MINIMUM TEMPERATURE (F)   46


SUNRISE AND SUNSET
APRIL 28 2015.........SUNRISE   645 AM EDT   SUNSET   833 PM EDT
APRIL 29 2015.........SUNRISE   644 AM EDT   SUNSET   834 PM EDT


-  INDICATES NEGATIVE NUMBERS.
R  INDICATES RECORD WAS SET OR TIED.
MM INDICATES DATA IS MISSING.
T  INDICATES TRACE AMOUNT.




$$
