000
CDUS43 KMKX 270647
CLIMKE


CLIMATE REPORT
NATIONAL WEATHER SERVICE IN MILWAUKEE
142 AM CDT MON APR 27 2015


...................................

...THE MILWAUKEE WI CLIMATE SUMMARY FOR APRIL 26 2015...

CLIMATE NORMAL PERIOD 1981 TO 2010
CLIMATE RECORD PERIOD 1871 TO 2015


WEATHER ITEM   OBSERVED TIME   RECORD YEAR NORMAL DEPARTURE LAST
                VALUE   (LST)  VALUE       VALUE  FROM      YEAR
                                                  NORMAL
..................................................................
TEMPERATURE (F)
 YESTERDAY
  MAXIMUM         50    255 PM  85    1994  58     -8       45
                                      1990
                                      1962
  MINIMUM         35    205 AM  27    1972  41     -6       37
  AVERAGE         43                        49     -6       41

PRECIPITATION (IN)
  YESTERDAY        0.00          1.62 2009   0.11  -0.11     0.00
  MONTH TO DATE    5.22                      3.09   2.13     2.75
  SINCE MAR 1      6.05                      5.36   0.69     3.87
  SINCE JAN 1      7.77                      8.77  -1.00     6.61

SNOWFALL (IN)
  YESTERDAY        0.0           T    1950   0.0    0.0      0.0
  MONTH TO DATE    T                         1.9   -1.9      0.3
  SINCE MAR 1      4.9                       8.9   -4.0      6.6
  SINCE JUL 1     43.0                      46.7   -3.7     63.4
  SNOW DEPTH       0

DEGREE DAYS
 HEATING
  YESTERDAY       22                        16      6       24
  MONTH TO DATE  488                       528    -40      544
  SINCE MAR 1   1419                      1457    -38     1654
  SINCE JUL 1   6751                      6437    314     7310

 COOLING
  YESTERDAY        0                         0      0        0
  MONTH TO DATE    0                         0      0        0
  SINCE MAR 1      0                         0      0        0
  SINCE JAN 1      0                         0      0        0
..................................................................


WIND (MPH)
  HIGHEST WIND SPEED    17   HIGHEST WIND DIRECTION    NE (30)
  HIGHEST GUST SPEED    22   HIGHEST GUST DIRECTION    NE (30)
  AVERAGE WIND SPEED    11.2


SKY COVER
  POSSIBLE SUNSHINE  MM
  AVERAGE SKY COVER 0.1


WEATHER CONDITIONS
 THE FOLLOWING WEATHER WAS RECORDED YESTERDAY.
  NO SIGNIFICANT WEATHER WAS OBSERVED.


RELATIVE HUMIDITY (PERCENT)
 HIGHEST    76           100 AM
 LOWEST     45           500 PM
 AVERAGE    61

..........................................................


THE MILWAUKEE WI CLIMATE NORMALS FOR TODAY
                         NORMAL    RECORD    YEAR
 MAXIMUM TEMPERATURE (F)   58        83      1962
                                             1938
 MINIMUM TEMPERATURE (F)   41        28      1967


SUNRISE AND SUNSET
APRIL 27 2015.........SUNRISE   552 AM CDT   SUNSET   748 PM CDT
APRIL 28 2015.........SUNRISE   550 AM CDT   SUNSET   749 PM CDT


-  INDICATES NEGATIVE NUMBERS.
R  INDICATES RECORD WAS SET OR TIED.
MM INDICATES DATA IS MISSING.
T  INDICATES TRACE AMOUNT.




$$
