000
CDUS42 KMLB 050635
CLIMLB


CLIMATE REPORT
NATIONAL WEATHER SERVICE MELBOURNE FL
235 AM EDT TUE MAY 5 2015


...................................

...THE MELBOURNE CLIMATE SUMMARY FOR MAY 4 2015...

CLIMATE NORMAL PERIOD 1981 TO 2010
CLIMATE RECORD PERIOD 1939 TO 2015


WEATHER ITEM   OBSERVED TIME   RECORD YEAR NORMAL DEPARTURE LAST
                VALUE   (LST)  VALUE       VALUE  FROM      YEAR
                                                  NORMAL
..................................................................
TEMPERATURE (F)
 YESTERDAY
  MAXIMUM         81    237 PM  94    1984  84     -3       82
  MINIMUM         70    808 PM  51    1999  64      6       59
  AVERAGE         76                        74      2       71

PRECIPITATION (IN)
  YESTERDAY        0.01          2.28 1978   0.07  -0.06      T
  MONTH TO DATE    0.01                      0.25  -0.24     2.72
  SINCE MAR 1      4.18                      5.66  -1.48     8.31
  SINCE JAN 1     10.29                     10.46  -0.17    15.37

SNOWFALL (IN)
  YESTERDAY        0.0
  MONTH TO DATE    0.0
  SINCE JUL 1      0.0

DEGREE DAYS
 HEATING
  YESTERDAY        0                         0      0        0
  MONTH TO DATE    0                         0      0        0
  SINCE MAR 1     14                        87    -73       52
  SINCE JUL 1    424                       576   -152      358

 COOLING
  YESTERDAY       11                         9      2        6
  MONTH TO DATE   32                        35     -3       39
  SINCE MAR 1    643                       312    331      382
  SINCE JAN 1    741                       410    331      550
..................................................................


WIND (MPH)
  HIGHEST WIND SPEED    23   HIGHEST WIND DIRECTION     E (70)
  HIGHEST GUST SPEED    28   HIGHEST GUST DIRECTION    NE (60)
  AVERAGE WIND SPEED    15.2


SKY COVER
  AVERAGE SKY COVER 0.5


WEATHER CONDITIONS
 THE FOLLOWING WEATHER WAS RECORDED YESTERDAY.
  LIGHT RAIN


RELATIVE HUMIDITY (PERCENT)
 HIGHEST    84          1100 PM
 LOWEST     42          1200 PM
 AVERAGE    63

..........................................................


THE MELBOURNE CLIMATE NORMALS FOR TODAY
                         NORMAL    RECORD    YEAR
 MAXIMUM TEMPERATURE (F)   84        91      2006
                                             1995
                                             1979
 MINIMUM TEMPERATURE (F)   64        48      1971


SUNRISE AND SUNSET
MAY  5 2015...........SUNRISE   640 AM EDT   SUNSET   759 PM EDT
MAY  6 2015...........SUNRISE   639 AM EDT   SUNSET   800 PM EDT


-  INDICATES NEGATIVE NUMBERS.
R  INDICATES RECORD WAS SET OR TIED.
MM INDICATES DATA IS MISSING.
T  INDICATES TRACE AMOUNT.




$$
