000
CDUS45 KBYZ 050934
CLIMLS


CLIMATE REPORT
NATIONAL WEATHER SERVICE BILLINGS MT
333 AM MDT TUE MAY 5 2015


...................................

...THE MILES CITY MT CLIMATE SUMMARY FOR MAY 4 2015...

CLIMATE NORMAL PERIOD 1981 TO 2010
CLIMATE RECORD PERIOD 1937 TO 2015


WEATHER ITEM   OBSERVED TIME   RECORD YEAR NORMAL DEPARTURE LAST
                VALUE   (LST)  VALUE       VALUE  FROM      YEAR
                                                  NORMAL
..................................................................
TEMPERATURE (F)
 YESTERDAY
  MAXIMUM         71    317 PM  88    1966  65      6       58
  MINIMUM         44    429 AM  24    1967  39      5       42
                                      1892
  AVERAGE         58                        52      6       50

PRECIPITATION (IN)
  YESTERDAY        0.00          0.70        0.06  -0.06     0.04
  MONTH TO DATE    T                         0.24  -0.24     0.10
  SINCE OCT 1      1.91                      4.36  -2.45     3.67
  SINCE JAN 1      0.90                      2.76  -1.86     1.99

DEGREE DAYS
 HEATING
  YESTERDAY        7                        13     -6       15
  MONTH TO DATE   30                        54    -24       69
  SINCE MAR 1   1217                      1566   -349     1730
  SINCE JUL 1   6687                      7300   -613     7769

 COOLING
  YESTERDAY        0                         0      0        0
  MONTH TO DATE    0                         0      0        0
  SINCE MAR 1      0                         1     -1        0
  SINCE JAN 1      0                         1     -1        0
..................................................................


WIND (MPH)
  HIGHEST WIND SPEED    28   HIGHEST WIND DIRECTION    SE (150)
  HIGHEST GUST SPEED    36   HIGHEST GUST DIRECTION    SE (130)
  AVERAGE WIND SPEED    15.9


SKY COVER
  POSSIBLE SUNSHINE  MM
  AVERAGE SKY COVER 0.2


WEATHER CONDITIONS
 THE FOLLOWING WEATHER WAS RECORDED YESTERDAY.
  NO SIGNIFICANT WEATHER WAS OBSERVED.


RELATIVE HUMIDITY (PERCENT)
 HIGHEST    54           600 AM
 LOWEST     35           500 PM
 AVERAGE    45

..........................................................


THE MILES CITY MT CLIMATE NORMALS FOR TODAY
                         NORMAL    RECORD    YEAR
 MAXIMUM TEMPERATURE (F)   66        89      1966
 MINIMUM TEMPERATURE (F)   39        27      1967


SUNRISE AND SUNSET
MAY  5 2015...........SUNRISE   544 AM MDT   SUNSET   818 PM MDT
MAY  6 2015...........SUNRISE   542 AM MDT   SUNSET   819 PM MDT


-  INDICATES NEGATIVE NUMBERS.
R  INDICATES RECORD WAS SET OR TIED.
MM INDICATES DATA IS MISSING.
T  INDICATES TRACE AMOUNT.





&&

THIS IS AN AUTOMATED...UNATTENDED WEATHER STATION AND MAY
UNDERESTIMATE WINTER PRECIPITATION.

$$
