000
CDUS41 KCAR 040526
CLIMLT


CLIMATE REPORT
NATIONAL WEATHER SERVICE CARIBOU, ME
126 AM EDT MON MAY 4 2015


...................................

...THE MILLINOCKET ME CLIMATE SUMMARY FOR MAY 3 2015...

CLIMATE NORMAL PERIOD 1981 TO 2010
CLIMATE RECORD PERIOD 1903 TO 2015


WEATHER ITEM   OBSERVED TIME   RECORD YEAR NORMAL DEPARTURE LAST
                VALUE   (LST)  VALUE       VALUE  FROM      YEAR
                                                  NORMAL
..................................................................
TEMPERATURE (F)
 YESTERDAY
  MAXIMUM         75    444 PM  87    2001  60     15       61
  MINIMUM         35    405 AM  23    1974  38     -3       34
  AVERAGE         55                        49      6       48

PRECIPITATION (IN)
  YESTERDAY        0.00          1.66 1989   0.11  -0.11     0.00
  MONTH TO DATE    0.00                      0.33  -0.33     0.67
  SINCE MAR 1      3.75                      6.95  -3.20     5.98
  SINCE JAN 1      6.98                     12.06  -5.08    11.17

SNOWFALL (IN)
  YESTERDAY       MM            MM      MM  MM     MM       MM
  MONTH TO DATE   MM                        MM     MM       MM
  SINCE MAR 1     MM                        MM     MM       MM
  SINCE JUL 1     MM                        MM     MM       MM
  SNOW DEPTH      MM

DEGREE DAYS
 HEATING
  YESTERDAY       10                        16     -6       17
  MONTH TO DATE   36                        49    -13       52
  SINCE MAR 1   2043                      1918    125     2162
  SINCE JUL 1   8088                      7970    118     8200

 COOLING
  YESTERDAY        0                         0      0        0
  MONTH TO DATE    0                         0      0        0
  SINCE MAR 1      0                         0      0        0
  SINCE JAN 1      0                         0      0        0
..................................................................


WIND (MPH)
  HIGHEST WIND SPEED    12   HIGHEST WIND DIRECTION     E (100)
  HIGHEST GUST SPEED    15   HIGHEST GUST DIRECTION     E (110)
  AVERAGE WIND SPEED     2.7


SKY COVER
  POSSIBLE SUNSHINE  MM
  AVERAGE SKY COVER 0.1


WEATHER CONDITIONS
 THE FOLLOWING WEATHER WAS RECORDED YESTERDAY.
  NO SIGNIFICANT WEATHER WAS OBSERVED.


RELATIVE HUMIDITY (PERCENT)
 HIGHEST    92           500 AM
 LOWEST     20           400 PM
 AVERAGE    56

..........................................................


THE MILLINOCKET ME CLIMATE NORMALS FOR TODAY
                         NORMAL    RECORD    YEAR
 MAXIMUM TEMPERATURE (F)   61        85      1944
 MINIMUM TEMPERATURE (F)   39        24      1948


SUNRISE AND SUNSET
MAY  4 2015...........SUNRISE   519 AM EDT   SUNSET   745 PM EDT
MAY  5 2015...........SUNRISE   517 AM EDT   SUNSET   747 PM EDT


-  INDICATES NEGATIVE NUMBERS.
R  INDICATES RECORD WAS SET OR TIED.
MM INDICATES DATA IS MISSING.
T  INDICATES TRACE AMOUNT.




$$
