000
CDUS44 KSHV 280753
CLIMLU


CLIMATE REPORT
NATIONAL WEATHER SERVICE SHREVEPORT, LA
252 AM CDT TUE APR 28 2015


...................................

...THE MONROE CLIMATE SUMMARY FOR APRIL 27 2015...

CLIMATE NORMAL PERIOD 1981 TO 2010
CLIMATE RECORD PERIOD 1930 TO 2015


WEATHER ITEM   OBSERVED TIME   RECORD YEAR NORMAL DEPARTURE LAST
                VALUE   (LST)  VALUE       VALUE  FROM      YEAR
                                                  NORMAL
..................................................................
TEMPERATURE (F)
 YESTERDAY
  MAXIMUM         71    349 PM  95    1987  81    -10       90
  MINIMUM         57   1145 PM  45    1992  57      0       71
  AVERAGE         64                        69     -5       81

PRECIPITATION (IN)
  YESTERDAY        0.01          3.39 2011   0.15  -0.14      T
  MONTH TO DATE    4.55                      4.06   0.49     7.88
  SINCE DEC 1     22.77                     23.71  -0.94    19.91
  SINCE JAN 1     18.29                     18.42  -0.13    16.65

SNOWFALL (IN)
  YESTERDAY        0.0
  MONTH TO DATE    0.0
  SINCE MAR 1      0.4
  SINCE JUL 1      3.9
  SNOW DEPTH       0

DEGREE DAYS
 HEATING
  YESTERDAY        1                         1      0        0
  MONTH TO DATE   36                        78    -42      106
  SINCE MAR 1    300                       328    -28      480
  SINCE JUL 1   2504                      2222    282     2806

 COOLING
  YESTERDAY        0                         5     -5       16
  MONTH TO DATE  126                        87     39       73
  SINCE MAR 1    142                       119     23       80
  SINCE JAN 1    142                       130     12       82
..................................................................


WIND (MPH)
  HIGHEST WIND SPEED    23   HIGHEST WIND DIRECTION    NE (50)
  HIGHEST GUST SPEED    30   HIGHEST GUST DIRECTION    NE (50)
  AVERAGE WIND SPEED    12.8


SKY COVER
  POSSIBLE SUNSHINE  MM
  AVERAGE SKY COVER 0.1


WEATHER CONDITIONS
 THE FOLLOWING WEATHER WAS RECORDED YESTERDAY.
  LIGHT RAIN


RELATIVE HUMIDITY (PERCENT)
 HIGHEST    87           400 AM
 LOWEST     53           600 PM
 AVERAGE    70

..........................................................


THE MONROE CLIMATE NORMALS FOR TODAY
                         NORMAL    RECORD    YEAR
 MAXIMUM TEMPERATURE (F)   81        92      2002
 MINIMUM TEMPERATURE (F)   57        43      1965


SUNRISE AND SUNSET
APRIL 28 2015.........SUNRISE   625 AM CDT   SUNSET   747 PM CDT
APRIL 29 2015.........SUNRISE   624 AM CDT   SUNSET   748 PM CDT


-  INDICATES NEGATIVE NUMBERS.
R  INDICATES RECORD WAS SET OR TIED.
MM INDICATES DATA IS MISSING.
T  INDICATES TRACE AMOUNT.




$$
