000
CDUS46 KPQR 011145
CLIMMV


CLIMATE REPORT
NATIONAL WEATHER SERVICE PORTLAND OREGON
445 AM PDT WED APR 1 2015


...................................

...THE MCMINNVILLE OR CLIMATE SUMMARY FOR MARCH 31 2015...

CLIMATE NORMAL PERIOD 1981 TO 2010
CLIMATE RECORD PERIOD 1894 TO 2015


WEATHER ITEM   OBSERVED TIME   RECORD YEAR NORMAL DEPARTURE LAST
                VALUE   (LST)  VALUE       VALUE  FROM      YEAR
                                                  NORMAL
..................................................................
TEMPERATURE (F)
 YESTERDAY
  MAXIMUM         55    255 PM  77    1911  58     -3       55
  MINIMUM         42   1159 PM  14    1920  38      4       36
  AVERAGE         49                        48      1       46

PRECIPITATION (IN)
  YESTERDAY        0.04          2.22 1943   0.12  -0.08     0.04
  MONTH TO DATE    3.82                      4.03  -0.21     7.34
  SINCE OCT 1     29.34                     30.60  -1.26    20.57
  SINCE JAN 1     13.10                     14.57  -1.47    15.61

DEGREE DAYS
 HEATING
  YESTERDAY       16                        17     -1       19
  MONTH TO DATE  433                       573   -140      506
  SINCE JUL 1   2910                      3951  -1041     3931

 COOLING
  YESTERDAY        0                         0      0        0
  MONTH TO DATE    0                         0      0        0
  SINCE JAN 1      0                         0      0        0
..................................................................


WIND (MPH)
  HIGHEST WIND SPEED    23   HIGHEST WIND DIRECTION     W (290)
  HIGHEST GUST SPEED    28   HIGHEST GUST DIRECTION     W (290)
  AVERAGE WIND SPEED     8.0


SKY COVER
  POSSIBLE SUNSHINE  MM
  AVERAGE SKY COVER 0.6


WEATHER CONDITIONS
 THE FOLLOWING WEATHER WAS RECORDED YESTERDAY.
  LIGHT RAIN


RELATIVE HUMIDITY (PERCENT)
 HIGHEST    93           500 AM
 LOWEST     66           400 PM
 AVERAGE    80

..........................................................


THE MCMINNVILLE OR CLIMATE NORMALS FOR TODAY
                         NORMAL    RECORD    YEAR
 MAXIMUM TEMPERATURE (F)   58        80      1987
 MINIMUM TEMPERATURE (F)   39        25      1903


SUNRISE AND SUNSET
APRIL  1 2015.........SUNRISE   553 AM PST   SUNSET   640 PM PST
APRIL  2 2015.........SUNRISE   551 AM PST   SUNSET   642 PM PST


-  INDICATES NEGATIVE NUMBERS.
R  INDICATES RECORD WAS SET OR TIED.
MM INDICATES DATA IS MISSING.
T  INDICATES TRACE AMOUNT.




$$
