000
CDUS44 KMOB 020704
CLIMOB


CLIMATE REPORT
NATIONAL WEATHER SERVICE MOBILE AL
203 AM CDT THU APR 2 2015


...................................

...THE MOBILE CLIMATE SUMMARY FOR APRIL 1 2015...

CLIMATE NORMAL PERIOD 1981 TO 2010
CLIMATE RECORD PERIOD 1842 TO 2015


WEATHER ITEM   OBSERVED TIME   RECORD YEAR NORMAL DEPARTURE LAST
                VALUE   (LST)  VALUE       VALUE  FROM      YEAR
                                                  NORMAL
..................................................................
TEMPERATURE (F)
 YESTERDAY
  MAXIMUM         82    101 PM  86    1966  75      7       77
  MINIMUM         58    618 AM  34    1987  52      6       48
  AVERAGE         70                        63      7       63

PRECIPITATION (IN)
  YESTERDAY        0.00          6.27 2005   0.19  -0.19     0.00
  MONTH TO DATE    0.00                      0.19  -0.19     0.00
  SINCE MAR 1      3.96                      6.33  -2.37     6.50
  SINCE JAN 1     10.01                     17.10  -7.09    13.62

SNOWFALL (IN)
  YESTERDAY        0.0          MM      MM   0.0    0.0      0.0
  MONTH TO DATE    0.0                       0.0    0.0      0.0
  SINCE MAR 1      0.0                       0.1   -0.1      0.0
  SINCE JUL 1      T                         0.2   -0.2      1.3
  SNOW DEPTH       0

DEGREE DAYS
 HEATING
  YESTERDAY        0                         4     -4        2
  MONTH TO DATE    0                         4     -4        2
  SINCE MAR 1    114                       193    -79      278
  SINCE JUL 1   1816                      1635    181     1981

 COOLING
  YESTERDAY        5                         2      3        0
  MONTH TO DATE    5                         2      3        0
  SINCE MAR 1    101                        41     60        1
  SINCE JAN 1    105                        57     48       13
..................................................................


WIND (MPH)
  HIGHEST WIND SPEED    17   HIGHEST WIND DIRECTION    SW (210)
  HIGHEST GUST SPEED    23   HIGHEST GUST DIRECTION     S (200)
  AVERAGE WIND SPEED     6.3


SKY COVER
  POSSIBLE SUNSHINE  MM
  AVERAGE SKY COVER 0.5


WEATHER CONDITIONS
 THE FOLLOWING WEATHER WAS RECORDED YESTERDAY.
  FOG
  FOG W/VISIBILITY <= 1/4 MILE


RELATIVE HUMIDITY (PERCENT)
 HIGHEST   100           400 AM
 LOWEST     45           100 PM
 AVERAGE    73

..........................................................


THE MOBILE CLIMATE NORMALS FOR TODAY
                         NORMAL    RECORD    YEAR
 MAXIMUM TEMPERATURE (F)   75        86      2012
                                             1927
 MINIMUM TEMPERATURE (F)   52        32      1881


SUNRISE AND SUNSET
APRIL  2 2015.........SUNRISE   641 AM CDT   SUNSET   713 PM CDT
APRIL  3 2015.........SUNRISE   640 AM CDT   SUNSET   713 PM CDT


-  INDICATES NEGATIVE NUMBERS.
R  INDICATES RECORD WAS SET OR TIED.
MM INDICATES DATA IS MISSING.
T  INDICATES TRACE AMOUNT.




$$
