000
CDUS41 KPHI 260630
CLIMPO


CLIMATE REPORT
NATIONAL WEATHER SERVICE MOUNT HOLLY NJ
228 AM EDT SUN APR 26 2015


...................................

...THE MOUNT POCONO PA CLIMATE SUMMARY FOR APRIL 25 2015...

CLIMATE NORMAL PERIOD 1981 TO 2010
CLIMATE RECORD PERIOD 1901 TO 2015


WEATHER ITEM   OBSERVED TIME   RECORD YEAR NORMAL DEPARTURE LAST
                VALUE   (LST)  VALUE       VALUE  FROM      YEAR
                                                  NORMAL
..................................................................
TEMPERATURE (F)
 YESTERDAY
  MAXIMUM         52    443 PM  88    1915  59     -7       61
  MINIMUM         28    530 AM  10    1919  39    -11       33
  AVERAGE         40                        49     -9       47

PRECIPITATION (IN)
  YESTERDAY        0.00          2.33 1968   0.11  -0.11     0.12
  MONTH TO DATE    3.14                      3.44  -0.30     2.94
  SINCE MAR 1      5.23                      7.27  -2.04     5.15
  SINCE JAN 1      8.58                     12.53  -3.95    11.54

SNOWFALL (IN)
  YESTERDAY       MM            MM      MM  MM     MM       MM
  MONTH TO DATE   MM                        MM     MM       MM
  SINCE MAR 1     MM                        MM     MM       MM
  SINCE JUL 1     MM                        MM     MM       MM
  SNOW DEPTH      MM

DEGREE DAYS
 HEATING
  YESTERDAY       25                        16      9       18
  MONTH TO DATE  491                       519    -28      499
  SINCE MAR 1   1617                      1494    123     1675
  SINCE JUL 1   7052                      6617    435     7102

 COOLING
  YESTERDAY        0                         0      0        0
  MONTH TO DATE    0                         0      0        0
  SINCE MAR 1      0                         0      0        0
  SINCE JAN 1      0                         0      0        0
..................................................................


WIND (MPH)
  HIGHEST WIND SPEED    20   HIGHEST WIND DIRECTION    NW (310)
  HIGHEST GUST SPEED    26   HIGHEST GUST DIRECTION    NW (310)
  AVERAGE WIND SPEED     9.8


SKY COVER
  POSSIBLE SUNSHINE  MM
  AVERAGE SKY COVER 0.0


WEATHER CONDITIONS
 THE FOLLOWING WEATHER WAS RECORDED YESTERDAY.
  NO SIGNIFICANT WEATHER WAS OBSERVED.


RELATIVE HUMIDITY (PERCENT)
 HIGHEST    75           400 AM
 LOWEST     30           300 PM
 AVERAGE    53

..........................................................


THE MOUNT POCONO PA CLIMATE NORMALS FOR TODAY
                         NORMAL    RECORD    YEAR
 MAXIMUM TEMPERATURE (F)   60        88      1915
 MINIMUM TEMPERATURE (F)   39        18      1919


SUNRISE AND SUNSET
APRIL 26 2015.........SUNRISE   606 AM EDT   SUNSET   753 PM EDT
APRIL 27 2015.........SUNRISE   605 AM EDT   SUNSET   754 PM EDT


-  INDICATES NEGATIVE NUMBERS.
R  INDICATES RECORD WAS SET OR TIED.
MM INDICATES DATA IS MISSING.
T  INDICATES TRACE AMOUNT.




$$
