000
CDUS43 KMKX 030652
CLIMSN


CLIMATE REPORT
NATIONAL WEATHER SERVICE IN MILWAUKEE
152 AM CDT SUN MAY 3 2015


...................................

...THE MADISON WI CLIMATE SUMMARY FOR MAY 2 2015...

CLIMATE NORMAL PERIOD 1981 TO 2010
CLIMATE RECORD PERIOD 1871 TO 2015


WEATHER ITEM   OBSERVED TIME   RECORD YEAR NORMAL DEPARTURE LAST
                VALUE   (LST)  VALUE       VALUE  FROM      YEAR
                                                  NORMAL
..................................................................
TEMPERATURE (F)
 YESTERDAY
  MAXIMUM         76    455 PM  89    1959  64     12       55
  MINIMUM         51    200 AM  23    1978  42      9       45
  AVERAGE         64                        53     11       50

PRECIPITATION (IN)
  YESTERDAY        0.00          1.82 1871   0.10  -0.10     0.02
  MONTH TO DATE    0.00                      0.21  -0.21     0.05
  SINCE MAR 1      5.14                      5.81  -0.67     6.44
  SINCE JAN 1      6.34                      8.49  -2.15     8.33

SNOWFALL (IN)
  YESTERDAY        0.0           1.9  1945   0.0    0.0      0.0
  MONTH TO DATE    0.0                       0.0    0.0      0.0
  SINCE MAR 1      4.2                       9.6   -5.4      9.2
  SINCE JUL 1     33.7                      50.7  -17.0     59.2
  SNOW DEPTH       0

DEGREE DAYS
 HEATING
  YESTERDAY        1                        12    -11       15
  MONTH TO DATE   14                        25    -11       34
  SINCE MAR 1   1443                      1546   -103     1762
  SINCE JUL 1   7154                      7032    122     7874

 COOLING
  YESTERDAY        0                         0      0        0
  MONTH TO DATE    0                         0      0        0
  SINCE MAR 1      0                         4     -4        0
  SINCE JAN 1      0                         4     -4        0
..................................................................


WIND (MPH)
  HIGHEST WIND SPEED    15   HIGHEST WIND DIRECTION    SW (220)
  HIGHEST GUST SPEED    23   HIGHEST GUST DIRECTION    SW (220)
  AVERAGE WIND SPEED     5.3


SKY COVER
  POSSIBLE SUNSHINE  MM
  AVERAGE SKY COVER 0.7


WEATHER CONDITIONS
 THE FOLLOWING WEATHER WAS RECORDED YESTERDAY.
  NO SIGNIFICANT WEATHER WAS OBSERVED.


RELATIVE HUMIDITY (PERCENT)
 HIGHEST    66           300 AM
 LOWEST     27           100 PM
 AVERAGE    47

..........................................................


THE MADISON WI CLIMATE NORMALS FOR TODAY
                         NORMAL    RECORD    YEAR
 MAXIMUM TEMPERATURE (F)   64        88      1949
 MINIMUM TEMPERATURE (F)   42        25      1971


SUNRISE AND SUNSET
MAY  3 2015...........SUNRISE   549 AM CDT   SUNSET   801 PM CDT
MAY  4 2015...........SUNRISE   547 AM CDT   SUNSET   802 PM CDT


-  INDICATES NEGATIVE NUMBERS.
R  INDICATES RECORD WAS SET OR TIED.
MM INDICATES DATA IS MISSING.
T  INDICATES TRACE AMOUNT.




$$
