000
CDUS44 KLIX 030705
CLINEW


CLIMATE REPORT
NATIONAL WEATHER SERVICE NEW ORLEANS
205 AM CDT SUN MAY 3 2015


...................................

...THE NEW ORLEANS CLIMATE SUMMARY FOR MAY 2 2015...

CLIMATE NORMAL PERIOD 1981 TO 2010
CLIMATE RECORD PERIOD 1946 TO 2015


WEATHER ITEM   OBSERVED TIME   RECORD YEAR NORMAL DEPARTURE LAST
                VALUE   (LST)  VALUE       VALUE  FROM      YEAR
                                                  NORMAL
..................................................................
TEMPERATURE (F)
 YESTERDAY
  MAXIMUM         82    353 PM  92    2002  82      0       75
  MINIMUM         64    447 AM  49    1971  65     -1       59
                                      1965
  AVERAGE         73                        73      0       67

PRECIPITATION (IN)
  YESTERDAY        0.00          1.77 1961   0.14  -0.14     0.00
  MONTH TO DATE    0.00                      0.28  -0.28     0.00
  SINCE MAR 1     18.33                      9.44   8.89     7.56
  SINCE JAN 1     26.03                     19.89   6.14    16.59

SNOWFALL (IN)
  YESTERDAY        0.0
  MONTH TO DATE    0.0
  SINCE MAR 1      0.0
  SINCE JUL 1      0.0
  SNOW DEPTH       0

DEGREE DAYS
 HEATING
  YESTERDAY        0                         0      0        0
  MONTH TO DATE    0                         0      0        0
  SINCE MAR 1     70                       170   -100      228
  SINCE JUL 1   1274                      1279     -5     1581

 COOLING
  YESTERDAY        8                         8      0        2
  MONTH TO DATE   15                        16     -1        3
  SINCE MAR 1    407                       236    171      182
  SINCE JAN 1    425                       273    152      206
..................................................................


WIND (MPH)
  HIGHEST WIND SPEED    13   HIGHEST WIND DIRECTION    NE (30)
  HIGHEST GUST SPEED    17   HIGHEST GUST DIRECTION    NE (30)
  AVERAGE WIND SPEED     6.9


SKY COVER
  POSSIBLE SUNSHINE  MM
  AVERAGE SKY COVER 0.2


WEATHER CONDITIONS
 THE FOLLOWING WEATHER WAS RECORDED YESTERDAY.
  NO SIGNIFICANT WEATHER WAS OBSERVED.


RELATIVE HUMIDITY (PERCENT)
 HIGHEST    76          1100 PM
 LOWEST     31           400 PM
 AVERAGE    54

..........................................................


THE NEW ORLEANS CLIMATE NORMALS FOR TODAY
                         NORMAL    RECORD    YEAR
 MAXIMUM TEMPERATURE (F)   82        90      2002
 MINIMUM TEMPERATURE (F)   65        51      2013
                                             2004
                                             1988


SUNRISE AND SUNSET
MAY  3 2015...........SUNRISE   617 AM CDT   SUNSET   740 PM CDT
MAY  4 2015...........SUNRISE   616 AM CDT   SUNSET   740 PM CDT


-  INDICATES NEGATIVE NUMBERS.
R  INDICATES RECORD WAS SET OR TIED.
MM INDICATES DATA IS MISSING.
T  INDICATES TRACE AMOUNT.




$$
