000
CDUS46 KMTR 070027
CLINUQ


CLIMATE REPORT
NATIONAL WEATHER SERVICE SAN FRANCISCO BAY AREA
527 PM PDT WED MAY 6 2015


...................................

...THE MOFFETT FIELD CLIMATE SUMMARY FOR MAY 6 2015...
VALID TODAY AS OF 0500 PM LOCAL TIME.

CLIMATE NORMAL PERIOD 1981 TO 2010
CLIMATE RECORD PERIOD 1945 TO 2015


WEATHER ITEM   OBSERVED TIME   RECORD YEAR NORMAL DEPARTURE LAST
                VALUE   (LST)  VALUE       VALUE  FROM      YEAR
                                                  NORMAL
..................................................................
TEMPERATURE (F)
 TODAY
  MAXIMUM         70    330 PM  95    1987  71     -1       73
  MINIMUM         48    535 AM  38    1950  52     -4       53
  AVERAGE         59                        62     -3       63

PRECIPITATION (IN)
  TODAY            0.00          0.71 1994   0.02  -0.02     0.00
  MONTH TO DATE    0.00                      0.15  -0.15     0.00
  SINCE OCT 1     13.48                     14.05  -0.57     5.94
  SINCE JAN 1      3.49                      9.21  -5.72     5.18

DEGREE DAYS
 HEATING
  TODAY            6                                         2
  MONTH TO DATE   12                                        10
  SINCE MAR 1    317                                       300
  SINCE JUL 1   1422                                      1758

 COOLING
  TODAY            0                                         0
  MONTH TO DATE    0                                        12
  SINCE MAR 1     18                                        38
  SINCE JAN 1     18                                        38
..................................................................


WIND (MPH)
  RESULTANT WIND SPEED   2   RESULTANT WIND DIRECTION  NE (30)
  HIGHEST WIND SPEED    22   HIGHEST WIND DIRECTION     N (350)
  HIGHEST GUST SPEED    26   HIGHEST GUST DIRECTION     N (350)
  AVERAGE WIND SPEED     5.9


SKY COVER
  POSSIBLE SUNSHINE  MM
  AVERAGE SKY COVER 0.1


WEATHER CONDITIONS
 THE FOLLOWING WEATHER WAS RECORDED TODAY.
  NO SIGNIFICANT WEATHER WAS OBSERVED.


RELATIVE HUMIDITY (PERCENT)
 HIGHEST    86           300 AM
 LOWEST     45          1200 PM
 AVERAGE    66

..........................................................


THE MOFFETT FIELD CLIMATE NORMALS FOR TOMORROW
                         NORMAL    RECORD    YEAR
 MAXIMUM TEMPERATURE (F)   71        94      1987
 MINIMUM TEMPERATURE (F)   52        42      1964


SUNRISE AND SUNSET
MAY  6 2015...........SUNRISE   608 AM PDT   SUNSET   802 PM PDT
MAY  7 2015...........SUNRISE   607 AM PDT   SUNSET   803 PM PDT


-  INDICATES NEGATIVE NUMBERS.
R  INDICATES RECORD WAS SET OR TIED.
MM INDICATES DATA IS MISSING.
T  INDICATES TRACE AMOUNT.




$$
