000
CDUS43 KOAX 040647
CLIOFK


CLIMATE REPORT
NATIONAL WEATHER SERVICE OMAHA NEBRASKA
146 AM CDT MON MAY 4 2015


...................................

...THE NORFOLK, NEBRASKA CLIMATE SUMMARY FOR MAY 3 2015...

CLIMATE NORMAL PERIOD 1981 TO 2010
CLIMATE RECORD PERIOD 1888 TO 2015


WEATHER ITEM   OBSERVED TIME   RECORD YEAR NORMAL DEPARTURE LAST
                VALUE   (LST)  VALUE       VALUE  FROM      YEAR
                                                  NORMAL
..................................................................
TEMPERATURE (F)
 YESTERDAY
  MAXIMUM         89    435 PM  92    1949  68     21       70
  MINIMUM         60    514 AM  24    1976  44     16       40
                                      1910
  AVERAGE         75                        56     19       55

PRECIPITATION (IN)
  YESTERDAY        0.00          3.30 1899   0.11  -0.11      T
  MONTH TO DATE    0.04                      0.33  -0.29      T
  SINCE MAR 1      2.80                      4.75  -1.95     3.68
  SINCE JAN 1      3.68                      6.10  -2.42     4.24

SNOWFALL (IN)
  YESTERDAY        0.0                       0.0    0.0      0.0
  MONTH TO DATE    0.0                       0.1   -0.1      0.0
  SINCE JUL 1     20.7                      30.6   -9.9     19.9
  SNOW DEPTH       0

DEGREE DAYS
 HEATING
  YESTERDAY        0                        10    -10       10
  MONTH TO DATE    3                        30    -27       44
  SINCE MAR 1   1057                      1360   -303     1424
  SINCE JUL 1   6103                      6453   -350     6774

 COOLING
  YESTERDAY       10                         1      9        0
  MONTH TO DATE   11                         3      8        0
  SINCE MAR 1     16                        15      1        2
  SINCE JAN 1     16                        15      1        2
..................................................................


WIND (MPH)
  HIGHEST WIND SPEED    35   HIGHEST WIND DIRECTION     N (10)
  HIGHEST GUST SPEED    39   HIGHEST GUST DIRECTION     N (10)
  AVERAGE WIND SPEED    12.7


SKY COVER
  POSSIBLE SUNSHINE  MM
  AVERAGE SKY COVER 0.0


WEATHER CONDITIONS
 THE FOLLOWING WEATHER WAS RECORDED YESTERDAY.
  NO SIGNIFICANT WEATHER WAS OBSERVED.


RELATIVE HUMIDITY (PERCENT)
 HIGHEST    78           600 AM
 LOWEST     31           400 PM
 AVERAGE    55

..........................................................


THE NORFOLK, NEBRASKA CLIMATE NORMALS FOR TODAY
                         NORMAL    RECORD    YEAR
 MAXIMUM TEMPERATURE (F)   69        94      1918
 MINIMUM TEMPERATURE (F)   45        25      1907


SUNRISE AND SUNSET
MAY  4 2015...........SUNRISE   622 AM CDT   SUNSET   832 PM CDT
MAY  5 2015...........SUNRISE   621 AM CDT   SUNSET   833 PM CDT


-  INDICATES NEGATIVE NUMBERS.
R  INDICATES RECORD WAS SET OR TIED.
MM INDICATES DATA IS MISSING.
T  INDICATES TRACE AMOUNT.




$$
