000
CDUS43 KEAX 250643
CLIOJC


CLIMATE REPORT
NATIONAL WEATHER SERVICE KANSAS CITY/PLEASANT HILL MO
140 AM CDT SAT APR 25 2015


...................................

...THE JOHNSON COUNTY EXECUTIVE KS CLIMATE SUMMARY FOR APRIL 24 2015...

CLIMATE NORMAL PERIOD 1981 TO 2010
CLIMATE RECORD PERIOD 9999 TO 9999


WEATHER ITEM   OBSERVED TIME   NORMAL DEPARTURE LAST
                VALUE   (LST)  VALUE  FROM      YEAR
                                      NORMAL
......................................................
TEMPERATURE (F)
 YESTERDAY
  MAXIMUM         64    605 PM  68     -4       66
  MINIMUM         50    830 AM  48      2       49
  AVERAGE         57            58     -1       58

PRECIPITATION (IN)
  YESTERDAY        0.11          0.17  -0.06     1.75
  MONTH TO DATE    2.88          2.93  -0.05     3.53
  SINCE MAR 1      3.74          5.56  -1.82     4.32
  SINCE JAN 1      5.33          8.25  -2.92     4.81

DEGREE DAYS
 HEATING
  YESTERDAY        8             8      0        7
  MONTH TO DATE  181           273    -92      288
  SINCE MAR 1    718           897   -179     1044
  SINCE JUL 1   4753          4790    -37     5525

 COOLING
  YESTERDAY        0             1     -1        0
  MONTH TO DATE    7            16     -9        4
  SINCE MAR 1      9            17     -8        4
  SINCE JAN 1      9            17     -8        4
......................................................


WIND (MPH)
  HIGHEST WIND SPEED    22   HIGHEST WIND DIRECTION     S (170)
  HIGHEST GUST SPEED    30   HIGHEST GUST DIRECTION     S (170)
  AVERAGE WIND SPEED    12.3


SKY COVER
  AVERAGE SKY COVER 1.0


WEATHER CONDITIONS
 THE FOLLOWING WEATHER WAS RECORDED YESTERDAY.
  THUNDERSTORM
  LIGHT RAIN
  FOG
  HAZE


RELATIVE HUMIDITY (PERCENT)
 HIGHEST    89           900 AM
 LOWEST     43          1200 AM
 AVERAGE    66

..........................................................


THE JOHNSON COUNTY EXECUTIVE KS CLIMATE NORMALS FOR TODAY
                         NORMAL
 MAXIMUM TEMPERATURE (F)   68
 MINIMUM TEMPERATURE (F)   48


SUNRISE AND SUNSET
APRIL 25 2015.........SUNRISE   629 AM CDT   SUNSET   805 PM CDT
APRIL 26 2015.........SUNRISE   628 AM CDT   SUNSET   806 PM CDT


-  INDICATES NEGATIVE NUMBERS.
R  INDICATES RECORD WAS SET OR TIED.
MM INDICATES DATA IS MISSING.
T  INDICATES TRACE AMOUNT.




$$
