000
CDUS45 KGGW 211235
CLIOLF


CLIMATE REPORT
NATIONAL WEATHER SERVICE GLASGOW MT
635 AM MDT TUE APR 21 2015


...................................

...THE WOLF POINT MT CLIMATE SUMMARY FOR APRIL 21 2015...
VALID AS OF 0600 AM LOCAL TIME.

CLIMATE NORMAL PERIOD 1981 TO 2010
CLIMATE RECORD PERIOD 9999 TO 9999


WEATHER ITEM   OBSERVED RECORD YEAR NORMAL DEPARTURE
                VALUE   VALUE       VALUE  FROM
                                           NORMAL
........................................................
TEMPERATURE (F)
 TODAY
  MAXIMUM         43     MM      MM  62
  MINIMUM         30     MM      MM  30
  AVERAGE         37

PRECIPITATION (IN)
  TODAY            0.00  MM      MM   0.04  -0.04
  MONTH TO DATE    0.12               0.53  -0.41
  SINCE OCT 1      1.66               3.01  -1.35
  SINCE JAN 1      1.09               1.51  -0.42

SNOWFALL (IN)
  TODAY            0.0   MM      MM  MM
  MONTH TO DATE    0.0               MM
  SINCE MAR 1      0.0               MM
  SINCE JUL 1      0.0               MM

DEGREE DAYS
 HEATING
  TODAY           28

 COOLING
  TODAY            0
........................................................







THE WOLF POINT MT CLIMATE NORMALS FOR TOMORROW
                         NORMAL    RECORD    YEAR
 MAXIMUM TEMPERATURE (F)   62        MM        MM
 MINIMUM TEMPERATURE (F)   31        MM        MM


SUNRISE AND SUNSET
APRIL 21 2015.........SUNRISE   602 AM MDT   SUNSET   801 PM MDT
APRIL 22 2015.........SUNRISE   600 AM MDT   SUNSET   803 PM MDT


-  INDICATES NEGATIVE NUMBERS.
R  INDICATES RECORD WAS SET OR TIED.
MM INDICATES DATA IS MISSING.
T  INDICATES TRACE AMOUNT.




$$
