000
CDUS46 KSEW 280836
CLIOLM


CLIMATE REPORT
NATIONAL WEATHER SERVICE SEATTLE WA
135 AM PDT TUE APR 28 2015


...................................

...THE OLYMPIA WA AIRPORT CLIMATE SUMMARY FOR APRIL 27 2015...

CLIMATE NORMAL PERIOD 1981 TO 2010
CLIMATE RECORD PERIOD 1948 TO 2015


WEATHER ITEM   OBSERVED TIME   RECORD YEAR NORMAL DEPARTURE LAST
                VALUE   (LST)  VALUE       VALUE  FROM      YEAR
                                                  NORMAL
..................................................................
TEMPERATURE (F)
 YESTERDAY
  MAXIMUM         76    400 PM  87    1987  61     15       52
  MINIMUM         50    134 AM  26    1954  39     11       40
  AVERAGE         63                        50     13       46

PRECIPITATION (IN)
  YESTERDAY        0.01          1.49 1962   0.09  -0.08     0.29
  MONTH TO DATE    1.88                      3.27  -1.39     4.26
  SINCE OCT 1     38.81                     42.36  -3.55    35.31
  SINCE JAN 1     19.78                     21.67  -1.89    26.47

DEGREE DAYS
 HEATING
  YESTERDAY        2                        15    -13       19
  MONTH TO DATE  448                       457     -9      428
  SINCE MAR 1    973                      1093   -120     1005
  SINCE JUL 1   4008                      4815   -807     4788

 COOLING
  YESTERDAY        0                         0      0        0
  MONTH TO DATE    0                         0      0        0
  SINCE MAR 1      0                         0      0        0
  SINCE JAN 1      0                         0      0        0
..................................................................


WIND (MPH)
  RESULTANT WIND SPEED   2   RESULTANT WIND DIRECTION   N (350)
  HIGHEST WIND SPEED    12   HIGHEST WIND DIRECTION     N (360)
  HIGHEST GUST SPEED    16   HIGHEST GUST DIRECTION     N (10)
  AVERAGE WIND SPEED     3.3


SKY COVER
  AVERAGE SKY COVER 0.4


WEATHER CONDITIONS
 THE FOLLOWING WEATHER WAS RECORDED YESTERDAY.
  LIGHT RAIN
  FOG


RELATIVE HUMIDITY (PERCENT)
 HIGHEST    96           300 AM
 LOWEST     46           400 PM
 AVERAGE    71

..........................................................


THE OLYMPIA WA AIRPORT CLIMATE NORMALS FOR TODAY
                         NORMAL    RECORD    YEAR
 MAXIMUM TEMPERATURE (F)   61        79      2006
                                             1968
 MINIMUM TEMPERATURE (F)   39        26      1973


SUNRISE AND SUNSET
APRIL 28 2015.........SUNRISE   601 AM PDT   SUNSET   818 PM PDT
APRIL 29 2015.........SUNRISE   600 AM PDT   SUNSET   819 PM PDT


-  INDICATES NEGATIVE NUMBERS.
R  INDICATES RECORD WAS SET OR TIED.
MM INDICATES DATA IS MISSING.
T  INDICATES TRACE AMOUNT.




$$
