000
CDUS46 KOTX 040835
CLIOMK


CLIMATE REPORT
NATIONAL WEATHER SERVICE SPOKANE, WA
135 AM PDT MON MAY 4 2015


...................................

...THE OMAK WA AIRPORT CLIMATE SUMMARY FOR MAY 3 2015...

CLIMATE NORMAL PERIOD 1981 TO 2010
CLIMATE RECORD PERIOD 9999 TO 9999


WEATHER ITEM   OBSERVED TIME   RECORD YEAR NORMAL DEPARTURE LAST
                VALUE   (LST)  VALUE       VALUE  FROM      YEAR
                                                  NORMAL
..................................................................
TEMPERATURE (F)
 YESTERDAY
  MAXIMUM         72    458 PM  85    1966  68      4       71
  MINIMUM         43    529 AM  26    1963  40      3       48
  AVERAGE         58                        54      4       60

PRECIPITATION (IN)
  YESTERDAY        0.00          0.79 1948   0.04  -0.04      T
  MONTH TO DATE    0.00                      0.12  -0.12      T
  SINCE OCT 1      9.32                     10.78  -1.46     5.33
  SINCE JAN 1      2.75                      5.33  -2.58     4.16

SNOWFALL (IN)
  YESTERDAY       MM

DEGREE DAYS
 HEATING
  YESTERDAY        7                        11     -4        5
  MONTH TO DATE   23                        34    -11       10
  SINCE MAR 1   1026                      1212   -186     1223
  SINCE JUL 1   5212                      6073   -861     6213

 COOLING
  YESTERDAY        0                         0      0        0
  MONTH TO DATE    0                         0      0        0
  SINCE MAR 1      0                         1     -1        0
  SINCE JAN 1      0                         1     -1        0
..................................................................


WIND (MPH)
  HIGHEST WIND SPEED    16   HIGHEST WIND DIRECTION     N (10)
  HIGHEST GUST SPEED    20   HIGHEST GUST DIRECTION     N (10)
  AVERAGE WIND SPEED     8.7


SKY COVER
  POSSIBLE SUNSHINE  MM
  AVERAGE SKY COVER 0.0


WEATHER CONDITIONS
 THE FOLLOWING WEATHER WAS RECORDED YESTERDAY.
  NO SIGNIFICANT WEATHER WAS OBSERVED.


RELATIVE HUMIDITY (PERCENT)
 HIGHEST    52           800 PM
 LOWEST     17           100 PM
 AVERAGE    35

..........................................................


THE OMAK WA AIRPORT CLIMATE NORMALS FOR TODAY
                         NORMAL    RECORD    YEAR
 MAXIMUM TEMPERATURE (F)   69        86      1998
 MINIMUM TEMPERATURE (F)   40        24      2010


SUNRISE AND SUNSET
MAY  4 2015...........SUNRISE   534 AM PDT   SUNSET   817 PM PDT
MAY  5 2015...........SUNRISE   532 AM PDT   SUNSET   818 PM PDT


-  INDICATES NEGATIVE NUMBERS.
R  INDICATES RECORD WAS SET OR TIED.
MM INDICATES DATA IS MISSING.
T  INDICATES TRACE AMOUNT.




$$
