000
CDUS41 KAKQ 280534
CLIORF


CLIMATE REPORT
NATIONAL WEATHER SERVICE WAKEFIELD, VA
133 AM EDT TUE APR 28 2015


...................................

...THE NORFOLK VA CLIMATE SUMMARY FOR APRIL 27 2015...

CLIMATE NORMAL PERIOD 1981 TO 2010
CLIMATE RECORD PERIOD 1871 TO 2015


WEATHER ITEM   OBSERVED TIME   RECORD YEAR NORMAL DEPARTURE LAST
                VALUE   (LST)  VALUE       VALUE  FROM      YEAR
                                                  NORMAL
..................................................................
TEMPERATURE (F)
 YESTERDAY
  MAXIMUM         62    354 PM  93    1915  71     -9       65
  MINIMUM         41    409 AM  37    1972  52    -11       51
  AVERAGE         52                        62    -10       58

PRECIPITATION (IN)
  YESTERDAY        0.00          1.41 1898   0.11  -0.11     0.00
  MONTH TO DATE    4.38                      3.08   1.30     3.91
  SINCE MAR 1      7.07                      6.76   0.31     7.73
  SINCE JAN 1     13.25                     13.28  -0.03    14.02

SNOWFALL (IN)
  YESTERDAY        0.0           0.0  2002   0.0    0.0
  MONTH TO DATE    0.0                       0.0    0.0
  SINCE NOV 1     12.7                       5.8    6.9
  SINCE JUL 1     12.7                       5.8    6.9
  SNOW DEPTH       0

DEGREE DAYS
 HEATING
  YESTERDAY       13                         5      8        7
  MONTH TO DATE  175                       224    -49      211
  SINCE MAR 1    714                       716     -2      785
  SINCE JUL 1   3550                      3285    265     3396

 COOLING
  YESTERDAY        0                         2     -2        0
  MONTH TO DATE   23                        34    -11       20
  SINCE MAR 1     25                        40    -15       21
  SINCE JAN 1     25                        41    -16       21
..................................................................


WIND (MPH)
  HIGHEST WIND SPEED    15   HIGHEST WIND DIRECTION    NE (30)
  HIGHEST GUST SPEED    21   HIGHEST GUST DIRECTION     N (360)
  AVERAGE WIND SPEED     7.0


SKY COVER
  POSSIBLE SUNSHINE  MM
  AVERAGE SKY COVER 0.2


WEATHER CONDITIONS
 THE FOLLOWING WEATHER WAS RECORDED YESTERDAY.
  NO SIGNIFICANT WEATHER WAS OBSERVED.


RELATIVE HUMIDITY (PERCENT)
 HIGHEST    89           200 AM
 LOWEST     39          1200 PM
 AVERAGE    64

..........................................................


THE NORFOLK VA CLIMATE NORMALS FOR TODAY
                         NORMAL    RECORD    YEAR
 MAXIMUM TEMPERATURE (F)   71        93      1957
 MINIMUM TEMPERATURE (F)   53        38      1898


SUNRISE AND SUNSET
APRIL 28 2015.........SUNRISE   614 AM EDT   SUNSET   751 PM EDT
APRIL 29 2015.........SUNRISE   613 AM EDT   SUNSET   752 PM EDT


-  INDICATES NEGATIVE NUMBERS.
R  INDICATES RECORD WAS SET OR TIED.
MM INDICATES DATA IS MISSING.
T  INDICATES TRACE AMOUNT.




$$
