000
CDUS45 KRIW 030736
CLIP60


CLIMATE REPORT
NATIONAL WEATHER SERVICE RIVERTON WY
126 AM MDT SUN MAY 3 2015


...................................

...THE LAKE YELLOWSTONE WY CLIMATE SUMMARY FOR MAY 2 2015...

CLIMATE NORMAL PERIOD 1981 TO 2010
CLIMATE RECORD PERIOD 1998 TO 2015


WEATHER ITEM   OBSERVED TIME   RECORD YEAR NORMAL DEPARTURE LAST
                VALUE   (LST)  VALUE       VALUE  FROM      YEAR
                                                  NORMAL
..................................................................
TEMPERATURE (F)
 YESTERDAY
  MAXIMUM         61R   422 PM  60    2004  47     14       58
  MINIMUM         25    549 AM   5    2011  25      0       25
  AVERAGE         43                        36      7       42

PRECIPITATION (IN)
  YESTERDAY        0.00          0.13 2009   0.07  -0.07     0.00
  MONTH TO DATE    0.00                      0.14  -0.14     0.00
  SINCE MAR 1      1.74                      3.43  -1.69     8.36
  SINCE JAN 1      4.63                      6.95  -2.32    13.44

DEGREE DAYS
 HEATING
  YESTERDAY       22                        29     -7       23
  MONTH TO DATE   45                        58    -13       51
  SINCE MAR 1   2207                      2372   -165     2538
  SINCE JUL 1   9771                     10309   -538    10591

 COOLING
  YESTERDAY        0                         0      0        0
  MONTH TO DATE    0                         0      0        0
  SINCE MAR 1      0                         0      0        0
  SINCE JAN 1      0                         0      0        0
..................................................................


WIND (MPH)
  HIGHEST WIND SPEED    20   HIGHEST WIND DIRECTION     W (290)
  HIGHEST GUST SPEED    32   HIGHEST GUST DIRECTION    NW (300)
  AVERAGE WIND SPEED     3.9


SKY COVER
  POSSIBLE SUNSHINE  MM
  AVERAGE SKY COVER 0.0


WEATHER CONDITIONS
 THE FOLLOWING WEATHER WAS RECORDED YESTERDAY.
  NO SIGNIFICANT WEATHER WAS OBSERVED.


RELATIVE HUMIDITY (PERCENT)
 HIGHEST    88           500 AM
 LOWEST     14          1200 PM
 AVERAGE    51

..........................................................


THE LAKE YELLOWSTONE WY CLIMATE NORMALS FOR TODAY
                         NORMAL    RECORD    YEAR
 MAXIMUM TEMPERATURE (F)   48        59      2004
 MINIMUM TEMPERATURE (F)   25        15      2008
                                             2006


SUNRISE AND SUNSET
MAY  3 2015...........SUNRISE   609 AM MDT   SUNSET   828 PM MDT
MAY  4 2015...........SUNRISE   608 AM MDT   SUNSET   830 PM MDT


-  INDICATES NEGATIVE NUMBERS.
R  INDICATES RECORD WAS SET OR TIED.
MM INDICATES DATA IS MISSING.
T  INDICATES TRACE AMOUNT.




$$
