000
CDUS45 KLKN 070943
CLIP68


CLIMATE REPORT
NATIONAL WEATHER SERVICE ELKO NV
233 AM PDT THU MAY 7 2015


...................................

...THE EUREKA AIRPORT NV CLIMATE SUMMARY FOR MAY 6 2015...

CLIMATE NORMAL PERIOD 1981 TO 2010
CLIMATE RECORD PERIOD 1963 TO 2015


WEATHER ITEM   OBSERVED TIME   RECORD YEAR NORMAL DEPARTURE LAST
                VALUE   (LST)  VALUE       VALUE  FROM      YEAR
                                                  NORMAL
..................................................................
TEMPERATURE (F)
 YESTERDAY
  MAXIMUM         60    923 AM  85    1989  66     -6       42
  MINIMUM         39    225 AM   9    1965  32      7       33
  AVERAGE         50                        49      1       38

PRECIPITATION (IN)
  YESTERDAY        0.10          0.85 2014   0.03   0.07     0.85
  MONTH TO DATE    0.11                      0.17  -0.06     0.92
  SINCE OCT 1      2.48                      5.80  -3.32     6.92
  SINCE JAN 1      1.36                      3.67  -2.31     4.52

DEGREE DAYS
 HEATING
  YESTERDAY       15                        16     -1       27
  MONTH TO DATE   58                        99    -41       73
  SINCE MAR 1   1338                      1618   -280     1440
  SINCE JUL 1   5381                      6903  -1522     6244

 COOLING
  YESTERDAY        0                         0      0        0
  MONTH TO DATE    0                         0      0        0
  SINCE MAR 1      0                         0      0        0
  SINCE JAN 1      0                         0      0        0
..................................................................


WIND (MPH)
  HIGHEST WIND SPEED    29   HIGHEST WIND DIRECTION    SE (150)
  HIGHEST GUST SPEED    36   HIGHEST GUST DIRECTION    SE (150)
  AVERAGE WIND SPEED     8.7




RELATIVE HUMIDITY (PERCENT)
 HIGHEST    70          1100 PM
 LOWEST     40           900 AM
 AVERAGE    55

..........................................................


THE EUREKA AIRPORT NV CLIMATE NORMALS FOR TODAY
                         NORMAL    RECORD    YEAR
 MAXIMUM TEMPERATURE (F)   67        82      1966
 MINIMUM TEMPERATURE (F)   32        10      1965


SUNRISE AND SUNSET
MAY  7 2015...........SUNRISE   538 AM PDT   SUNSET   743 PM PDT
MAY  8 2015...........SUNRISE   537 AM PDT   SUNSET   744 PM PDT


-  INDICATES NEGATIVE NUMBERS.
R  INDICATES RECORD WAS SET OR TIED.
MM INDICATES DATA IS MISSING.
T  INDICATES TRACE AMOUNT.




$$
