000
CDUS44 KLZK 032058
CLIPBF


CLIMATE REPORT
NATIONAL WEATHER SERVICE LITTLE ROCK AR
358 PM CDT SUN MAY 3 2015


...................................

...THE PINE BLUFF CLIMATE SUMMARY FOR MAY 3 2015...
VALID TODAY AS OF 0300 PM LOCAL TIME.

CLIMATE NORMAL PERIOD 1981 TO 2010
CLIMATE RECORD PERIOD 1883 TO 2015


WEATHER ITEM   OBSERVED TIME   RECORD YEAR NORMAL DEPARTURE LAST
                VALUE   (LST)  VALUE       VALUE  FROM      YEAR
                                                  NORMAL
..................................................................
TEMPERATURE (F)
 TODAY
  MAXIMUM         84    149 PM  92    1952  79      5       82
                                      1943
  MINIMUM         53    340 AM  40    2013  57     -4       46
  AVERAGE         69                        68      1       64

PRECIPITATION (IN)
  TODAY            0.00          2.80 1984   0.18  -0.18     0.00
  MONTH TO DATE    0.00                      0.52  -0.52      T
  SINCE MAR 1     15.71                     10.85   4.86     9.69
  SINCE JAN 1     22.64                     18.67   3.97    15.12

SNOWFALL (IN)
  TODAY            0.0          MM      MM   0.0    0.0      0.0
  MONTH TO DATE    0.0                       0.0    0.0      0.0
  SINCE MAR 1      2.0                       0.0    2.0       T
  SINCE JUL 1      9.2                       3.1    6.1      3.7
  SNOW DEPTH       0

DEGREE DAYS
 HEATING
  TODAY            0                         1     -1        1
  MONTH TO DATE    5                         4      1       15
  SINCE MAR 1    507                       480     27      653
  SINCE JUL 1   3241                      2868    373     3422

 COOLING
  TODAY            4                         4      0        0
  MONTH TO DATE    4                        12     -8        0
  SINCE MAR 1     89                        96     -7       54
  SINCE JAN 1     89                        99    -10       54
..................................................................


WIND (MPH)
  HIGHEST WIND SPEED    15   HIGHEST WIND DIRECTION     S (180)
  HIGHEST GUST SPEED    19   HIGHEST GUST DIRECTION     S (190)
  AVERAGE WIND SPEED     4.5


SKY COVER
  POSSIBLE SUNSHINE  MM
  AVERAGE SKY COVER 0.3


WEATHER CONDITIONS
 THE FOLLOWING WEATHER WAS RECORDED TODAY.
  NO SIGNIFICANT WEATHER WAS OBSERVED.


RELATIVE HUMIDITY (PERCENT)
 HIGHEST    93           400 AM
 LOWEST     40           100 PM
 AVERAGE    67

..........................................................


THE PINE BLUFF CLIMATE NORMALS FOR TOMORROW
                         NORMAL    RECORD    YEAR
 MAXIMUM TEMPERATURE (F)   79        94      1943
 MINIMUM TEMPERATURE (F)   58        35      2013


SUNRISE AND SUNSET
MAY  3 2015...........SUNRISE   616 AM CDT   SUNSET   753 PM CDT
MAY  4 2015...........SUNRISE   616 AM CDT   SUNSET   754 PM CDT


-  INDICATES NEGATIVE NUMBERS.
R  INDICATES RECORD WAS SET OR TIED.
MM INDICATES DATA IS MISSING.
T  INDICATES TRACE AMOUNT.




$$
