000
CDUS45 KPSR 180818
CLIPHX

CLIMATE REPORT
NATIONAL WEATHER SERVICE PHOENIX AZ
117 AM MST SAT APR 18 2015


...................................

...THE PHOENIX AZ CLIMATE SUMMARY FOR APRIL 17 2015...

CLIMATE NORMAL PERIOD 1981 TO 2010
CLIMATE RECORD PERIOD 1895 TO 2015


WEATHER ITEM   OBSERVED TIME   RECORD YEAR NORMAL DEPARTURE LAST
                VALUE   (LST)  VALUE       VALUE  FROM      YEAR
                                                  NORMAL
..................................................................
TEMPERATURE (F)
 YESTERDAY
  MAXIMUM         82    509 PM 100    1987  86     -4       94
                                      1946
                                      1936
  MINIMUM         55    635 AM  38    1924  61     -6       64
                                      1922
  AVERAGE         69                        73     -4       79

PRECIPITATION (IN)
  YESTERDAY        0.00          0.45 1903   0.01  -0.01     0.00
  MONTH TO DATE    0.00                      0.22  -0.22     0.00
  SINCE OCT 1      2.19                      5.15  -2.96     3.81
  SINCE JAN 1      1.15                      3.04  -1.89     0.99

SNOWFALL (IN)
  YESTERDAY        0.0
  MONTH TO DATE    0.0
  SINCE JAN 1      0.0
  SINCE JUL 1      0.0
  SNOW DEPTH       0

DEGREE DAYS
 HEATING
  YESTERDAY        0                         1     -1        0
  MONTH TO DATE    0                        17    -17        5
  SINCE MAR 1     25                        98    -73       12
  SINCE JUL 1    520                       931   -411      546

 COOLING
  YESTERDAY        4                         9     -5       14
  MONTH TO DATE  147                       114     33      154
  SINCE MAR 1    402                       201    201      291
  SINCE JAN 1    450                       218    232      353
..................................................................


WIND (MPH)
  HIGHEST WIND SPEED    17   HIGHEST WIND DIRECTION    SW (230)
  HIGHEST GUST SPEED    28   HIGHEST GUST DIRECTION     N (340)
  AVERAGE WIND SPEED     6.2


SKY COVER
  AVERAGE SKY COVER 0.2


WEATHER CONDITIONS
 THE FOLLOWING WEATHER WAS RECORDED YESTERDAY.
  NO SIGNIFICANT WEATHER WAS OBSERVED.


RELATIVE HUMIDITY (PERCENT)
 HIGHEST    26           600 AM
 LOWEST      9           600 PM
 AVERAGE    18

..........................................................


THE PHOENIX AZ CLIMATE NORMALS FOR TODAY
                         NORMAL    RECORD    YEAR
 MAXIMUM TEMPERATURE (F)   86       100      1989
                                             1962
 MINIMUM TEMPERATURE (F)   61        38      1896


SUNRISE AND SUNSET
APRIL 18 2015.........SUNRISE   554 AM MST   SUNSET   701 PM MST
APRIL 19 2015.........SUNRISE   553 AM MST   SUNSET   702 PM MST


-  INDICATES NEGATIVE NUMBERS.
R  INDICATES RECORD WAS SET OR TIED.
MM INDICATES DATA IS MISSING.
T  INDICATES TRACE AMOUNT.

&&
.....................................................................

DEW POINT
  HIGHEST DEW POINT    25
   LOWEST DEW POINT    18
  AVERAGE DEW POINT    21
.....................................................................

$$
