000
CDUS45 KFGZ 060102
CLIPRC
CLIMATE REPORT
NATIONAL WEATHER SERVICE FLAGSTAFF, AZ
601 PM MST TUE MAY 5 2015


...................................

...THE PRESCOTT AZ AIRPORT CLIMATE SUMMARY FOR MAY 5 2015...
VALID TODAY AS OF 0500 PM LOCAL TIME.

CLIMATE NORMAL PERIOD 1981 TO 2010
CLIMATE RECORD PERIOD 1948 TO 2015


WEATHER ITEM   OBSERVED TIME   RECORD YEAR NORMAL DEPARTURE LAST
                VALUE   (LST)  VALUE       VALUE  FROM      YEAR
                                                  NORMAL
..................................................................
TEMPERATURE (F)
 TODAY
  MAXIMUM         68    358 PM  87    1989  73     -5       79
  MINIMUM         50    426 AM  29    1964  44      6       48
  AVERAGE         59                        58      1

PRECIPITATION (IN)
  TODAY            0.01          0.62 1969   0.01   0.00
  MONTH TO DATE    0.06                      0.07  -0.01
  SINCE SEP 1      8.83                      8.46   0.37
  SINCE JAN 1      4.15                      4.15   0.00

DEGREE DAYS
 HEATING
  TODAY            6                         7     -1
  SINCE JUL 1   3274                      4157   -883

 COOLING
  TODAY            0                         0      0
  SINCE JAN 1      3                         2      1
..................................................................


WIND (MPH)
  HIGHEST WIND SPEED    23   HIGHEST WIND DIRECTION    SW (230)
  HIGHEST GUST SPEED    29   HIGHEST GUST DIRECTION     W (260)
  AVERAGE WIND SPEED     8.6


SKY COVER
  POSSIBLE SUNSHINE  MM
  AVERAGE SKY COVER 0.9


WEATHER CONDITIONS
 THE FOLLOWING WEATHER WAS RECORDED TODAY.
  LIGHT RAIN


RELATIVE HUMIDITY (PERCENT)
 HIGHEST    74           200 AM
 LOWEST     37           300 PM

..........................................................


THE PRESCOTT AZ AIRPORT CLIMATE NORMALS FOR TOMORROW
                         NORMAL    RECORD    YEAR
 MAXIMUM TEMPERATURE (F)   73        89      1989
 MINIMUM TEMPERATURE (F)   44        27      1978


SUNRISE AND SUNSET
MAY  5 2015...........SUNRISE   536 AM MST   SUNSET   718 PM MST
MAY  6 2015...........SUNRISE   535 AM MST   SUNSET   718 PM MST


-  INDICATES NEGATIVE NUMBERS.
R  INDICATES RECORD WAS SET OR TIED.
MM INDICATES DATA IS MISSING.
T  INDICATES TRACE AMOUNT.




$$
