000
CDUS41 KBOX 060549
CLIPVD


CLIMATE REPORT
NATIONAL WEATHER SERVICE TAUNTON MA
138 AM EDT WED MAY 6 2015


...................................

...THE PROVIDENCE RI CLIMATE SUMMARY FOR MAY 5 2015...

CLIMATE NORMAL PERIOD 1981 TO 2010
CLIMATE RECORD PERIOD 1904 TO 2015


WEATHER ITEM   OBSERVED TIME   RECORD YEAR NORMAL DEPARTURE LAST
                VALUE   (LST)  VALUE       VALUE  FROM      YEAR
                                                  NORMAL
..................................................................
TEMPERATURE (F)
 YESTERDAY
  MAXIMUM         77    242 PM  91    1949  65     12       65
  MINIMUM         56   1159 PM  33    1907  45     11       49
  AVERAGE         67                        55     12       57

PRECIPITATION (IN)
  YESTERDAY        0.00          1.73 1922   0.11  -0.11     0.00
  MONTH TO DATE    0.00                      0.57  -0.57     1.28
  SINCE MAR 1      6.91                      9.94  -3.03    13.43
  SINCE JAN 1     13.26                     17.09  -3.83    21.83

SNOWFALL (IN)
  YESTERDAY        0.0           T    1917   0.0    0.0      0.0
  MONTH TO DATE    0.0                       0.0    0.0      0.0
  SINCE MAR 1     16.3                       6.1   10.2      1.5
  SINCE JUL 1     76.2                      33.8   42.4     43.6
  SNOW DEPTH       0

DEGREE DAYS
 HEATING
  YESTERDAY        0                        10    -10        8
  MONTH TO DATE   46                        53     -7       39
  SINCE MAR 1   1510                      1341    169     1479
  SINCE JUL 1   5872                      5403    469     5751

 COOLING
  YESTERDAY        2                         0      2        0
  MONTH TO DATE    2                         0      2        0
  SINCE MAR 1      2                         2      0        0
  SINCE JAN 1      2                         2      0        0
..................................................................


WIND (MPH)
  RESULTANT WIND SPEED   4   RESULTANT WIND DIRECTION   S (200)
  HIGHEST WIND SPEED    20   HIGHEST WIND DIRECTION     S (160)
  HIGHEST GUST SPEED    26   HIGHEST GUST DIRECTION     S (170)
  AVERAGE WIND SPEED     8.8


SKY COVER
  POSSIBLE SUNSHINE  MM
  AVERAGE SKY COVER 0.6


WEATHER CONDITIONS
 THE FOLLOWING WEATHER WAS RECORDED YESTERDAY.
  NO SIGNIFICANT WEATHER WAS OBSERVED.


RELATIVE HUMIDITY (PERCENT)
 HIGHEST    83          1000 PM
 LOWEST     43          1200 AM
 AVERAGE    63

..........................................................


THE PROVIDENCE RI CLIMATE NORMALS FOR TODAY
                         NORMAL    RECORD    YEAR
 MAXIMUM TEMPERATURE (F)   66        90      1930
 MINIMUM TEMPERATURE (F)   46        34      1970
                                             1917


SUNRISE AND SUNSET
MAY  6 2015...........SUNRISE   536 AM EDT   SUNSET   749 PM EDT
MAY  7 2015...........SUNRISE   535 AM EDT   SUNSET   750 PM EDT


-  INDICATES NEGATIVE NUMBERS.
R  INDICATES RECORD WAS SET OR TIED.
MM INDICATES DATA IS MISSING.
T  INDICATES TRACE AMOUNT.




$$
