000
CDUS41 KPHI 242135
CLIRDG


CLIMATE REPORT
NATIONAL WEATHER SERVICE MOUNT HOLLY NJ
533 PM EDT FRI APR 24 2015


...................................

...THE READING PA CLIMATE SUMMARY FOR APRIL 24 2015...
VALID TODAY AS OF 0500 PM LOCAL TIME.

CLIMATE NORMAL PERIOD 1981 TO 2010
CLIMATE RECORD PERIOD 1869 TO 2015


WEATHER ITEM   OBSERVED TIME   RECORD YEAR NORMAL DEPARTURE LAST
                VALUE   (LST)  VALUE       VALUE  FROM      YEAR
                                                  NORMAL
..................................................................
TEMPERATURE (F)
 TODAY
  MAXIMUM         55    358 PM  90    1960  66    -11       62
  MINIMUM         35    554 AM  29    1989  43     -8       38
                                      1971
                                      1930
  AVERAGE         45                        54     -9       50

PRECIPITATION (IN)
  TODAY            0.00          2.00 1968   0.11  -0.11     0.00
  MONTH TO DATE    1.69                      3.10  -1.41     2.39
  SINCE MAR 1      6.51                      6.58  -0.07     4.56
  SINCE JAN 1     10.25                     12.11  -1.86    11.24

SNOWFALL (IN)
  TODAY           MM            MM      MM  MM     MM       MM
  MONTH TO DATE   MM                        MM     MM       MM
  SINCE MAR 1     MM                        MM     MM       MM
  SINCE JUL 1     MM                        MM     MM       MM
  SNOW DEPTH      MM

DEGREE DAYS
 HEATING
  TODAY           20                        11      9       15
  MONTH TO DATE  300                       351    -51      335
  SINCE MAR 1   1220                      1094    126     1252
  SINCE JUL 1   5525                      5136    389     5562

 COOLING
  TODAY            0                         0      0        0
  MONTH TO DATE    0                         0      0        9
  SINCE MAR 1      0                         0      0        9
  SINCE JAN 1      0                         0      0        9
..................................................................


WIND (MPH)
  HIGHEST WIND SPEED    28   HIGHEST WIND DIRECTION    NW (300)
  HIGHEST GUST SPEED    38   HIGHEST GUST DIRECTION     W (290)
  AVERAGE WIND SPEED    17.4


SKY COVER
  POSSIBLE SUNSHINE  MM
  AVERAGE SKY COVER 0.6


WEATHER CONDITIONS
 THE FOLLOWING WEATHER WAS RECORDED TODAY.
  NO SIGNIFICANT WEATHER WAS OBSERVED.


RELATIVE HUMIDITY (PERCENT)
 HIGHEST    52          1200 AM
 LOWEST     20           400 PM
 AVERAGE    36

..........................................................


THE READING PA CLIMATE NORMALS FOR TOMORROW
                         NORMAL    RECORD    YEAR
 MAXIMUM TEMPERATURE (F)   66        94      1915
 MINIMUM TEMPERATURE (F)   43        31      1999
                                             1956
                                             1919


SUNRISE AND SUNSET
APRIL 24 2015.........SUNRISE   613 AM EDT   SUNSET   752 PM EDT
APRIL 25 2015.........SUNRISE   611 AM EDT   SUNSET   753 PM EDT


-  INDICATES NEGATIVE NUMBERS.
R  INDICATES RECORD WAS SET OR TIED.
MM INDICATES DATA IS MISSING.
T  INDICATES TRACE AMOUNT.




$$
