000
CDUS46 KPDT 040051 RRA
CLIRDM

CLIMATE REPORT
NATIONAL WEATHER SERVICE PENDLETON OR
540 PM PDT SUN MAY 3 2015


...................................

...THE REDMOND OR CLIMATE SUMMARY FOR MAY 3 2015...
VALID TODAY AS OF 0500 PM LOCAL TIME.

CLIMATE NORMAL PERIOD 1981 TO 2010
CLIMATE RECORD PERIOD 1949 TO 2015


WEATHER ITEM   OBSERVED TIME   RECORD YEAR NORMAL DEPARTURE LAST
                VALUE   (LST)  VALUE       VALUE  FROM      YEAR
                                                  NORMAL
..................................................................
TEMPERATURE (F)
 TODAY
  MAXIMUM         74    329 PM  89    1966  64     10       65
  MINIMUM         26    522 AM  14    1964  32     -6       40
  AVERAGE         50                        48      2       53

PRECIPITATION (IN)
  TODAY            0.00          0.43 1956   0.03  -0.03     0.00
  MONTH TO DATE    0.00                      0.08  -0.08     0.00
  SINCE OCT 1      5.81                      5.85  -0.04     3.80
  SINCE JAN 1      1.53                      3.09  -1.56     3.09

DEGREE DAYS
 HEATING
  TODAY           15                        17     -2       12
  MONTH TO DATE   37                        52    -15       22
  SINCE MAR 1   1315                      1450   -135     1324
  SINCE JUL 1   5348                      6123   -775     6117

 COOLING
  TODAY            0                         0      0        0
  MONTH TO DATE    0                         0      0        0
  SINCE MAR 1      0                         0      0        0
  SINCE JAN 1      0                         0      0        0
..................................................................


WIND (MPH)
  RESULTANT WIND SPEED   1   RESULTANT WIND DIRECTION   E (90)
  HIGHEST WIND SPEED    16   HIGHEST WIND DIRECTION     N (350)
  HIGHEST GUST SPEED    22   HIGHEST GUST DIRECTION     N (350)
  AVERAGE WIND SPEED     4.5


SKY COVER
  POSSIBLE SUNSHINE  MM
  AVERAGE SKY COVER 0.0


WEATHER CONDITIONS
 THE FOLLOWING WEATHER WAS RECORDED TODAY.
  NO SIGNIFICANT WEATHER WAS OBSERVED.


RELATIVE HUMIDITY (PERCENT)
 HIGHEST    75           300 AM
 LOWEST     17           400 PM
 AVERAGE    46

..........................................................


THE REDMOND OR CLIMATE NORMALS FOR TOMORROW
                         NORMAL    RECORD    YEAR
 MAXIMUM TEMPERATURE (F)   64        91      1966
 MINIMUM TEMPERATURE (F)   33        16      1962


SUNRISE AND SUNSET
MAY  3 2015...........SUNRISE   553 AM PDT   SUNSET   811 PM PDT
MAY  4 2015...........SUNRISE   552 AM PDT   SUNSET   812 PM PDT


-  INDICATES NEGATIVE NUMBERS.
R  INDICATES RECORD WAS SET OR TIED.
MM INDICATES DATA IS MISSING.
T  INDICATES TRACE AMOUNT.




$$
