000
CDUS42 KFFC 280829
CLIRMG


CLIMATE REPORT
NATIONAL WEATHER SERVICE PEACHTREE CITY GA
429 AM EDT TUE APR 28 2015


...................................

...THE ROME  CLIMATE SUMMARY FOR APRIL 27 2015...

CLIMATE NORMAL PERIOD 1981 TO 2010
CLIMATE RECORD PERIOD 9999 TO 9999


WEATHER ITEM   OBSERVED TIME   RECORD YEAR NORMAL DEPARTURE LAST
                VALUE   (LST)  VALUE       VALUE  FROM      YEAR
                                                  NORMAL
..................................................................
TEMPERATURE (F)
 YESTERDAY
  MAXIMUM         69    442 PM  MM      MM  76     -7       83
  MINIMUM         45    623 AM  MM      MM  50     -5       50
  AVERAGE         57                        63     -6       67

PRECIPITATION (IN)
  YESTERDAY        0.00         MM      MM   0.16  -0.16     0.66
  MONTH TO DATE    4.91                      3.58   1.33     5.38
  SINCE MAR 1      8.43                      8.53  -0.10    10.06
  SINCE JAN 1     16.51                     18.22  -1.71    17.74

SNOWFALL (IN)
  YESTERDAY       MM            MM      MM  MM     MM       MM
  MONTH TO DATE    0.0                      MM     MM        0.0
  SINCE MAR 1      0.0                      MM     MM        0.0
  SINCE JUL 1      T                        MM     MM         T
  SNOW DEPTH      MM

DEGREE DAYS
 HEATING
  YESTERDAY        8                         4      4        0
  MONTH TO DATE   83                       177    -94      144
  SINCE MAR 1    390                       582   -192      592
  SINCE JUL 1   3209                      3204      5     3419

 COOLING
  YESTERDAY        0                         1     -1        2
  MONTH TO DATE   54                        23     31       10
  SINCE MAR 1     54                        27     27       10
  SINCE JAN 1     54                        27     27       10
..................................................................


WIND (MPH)
  RESULTANT WIND SPEED   5   RESULTANT WIND DIRECTION   N (360)
  HIGHEST WIND SPEED    18   HIGHEST WIND DIRECTION     N (10)
  HIGHEST GUST SPEED    23   HIGHEST GUST DIRECTION     N (20)
  AVERAGE WIND SPEED     5.8


SKY COVER
  AVERAGE SKY COVER 0.0


WEATHER CONDITIONS
 THE FOLLOWING WEATHER WAS RECORDED YESTERDAY.
  NO SIGNIFICANT WEATHER WAS OBSERVED.


RELATIVE HUMIDITY (PERCENT)
 HIGHEST    93           300 AM
 LOWEST     34           400 PM
 AVERAGE    64

..........................................................


THE ROME  CLIMATE NORMALS FOR TODAY
                         NORMAL    RECORD    YEAR
 MAXIMUM TEMPERATURE (F)   76        MM        MM
 MINIMUM TEMPERATURE (F)   50        MM        MM


SUNRISE AND SUNSET
APRIL 28 2015.........SUNRISE   654 AM EDT   SUNSET   822 PM EDT
APRIL 29 2015.........SUNRISE   653 AM EDT   SUNSET   823 PM EDT


-  INDICATES NEGATIVE NUMBERS.
R  INDICATES RECORD WAS SET OR TIED.
MM INDICATES DATA IS MISSING.
T  INDICATES TRACE AMOUNT.




$$
