000
CDUS45 KABQ 030828
CLIROW


CLIMATE REPORT
NATIONAL WEATHER SERVICE ALBUQUERQUE NM
226 AM MDT SUN MAY 3 2015


...................................

...THE ROSWELL NM CLIMATE SUMMARY FOR MAY 2 2015...

CLIMATE NORMAL PERIOD 1981 TO 2010
CLIMATE RECORD PERIOD 1893 TO 2015


WEATHER ITEM   OBSERVED TIME   RECORD YEAR NORMAL DEPARTURE
                VALUE   (LST)  VALUE       VALUE  FROM
                                                  NORMAL
...............................................................
TEMPERATURE (F)
 YESTERDAY
  MAXIMUM         89    429 PM  95    2012  81      8
                                      2006
                                      1996
  MINIMUM         47    541 AM  27    1967  50     -3
  AVERAGE         68                        66      2

PRECIPITATION (IN)
  YESTERDAY        0.00          1.77 1981   0.03  -0.03
  MONTH TO DATE    0.00                      0.06  -0.06
  SINCE MAR 1      2.03                      1.18   0.85
  SINCE JAN 1      3.94                      1.98   1.96

SNOWFALL (IN)
  YESTERDAY        0.0
  MONTH TO DATE    0.0
  SINCE MAR 1      T
  SINCE JUL 1     16.2

DEGREE DAYS
 HEATING
  YESTERDAY        0                         2     -2
  MONTH TO DATE    0                         4     -4
  SINCE MAR 1    490                       555    -65
  SINCE JUL 1   3207                      3262    -55

 COOLING
  YESTERDAY        3                         3      0
  MONTH TO DATE    6                         6      0
  SINCE MAR 1     22                        46    -24
  SINCE JAN 1     22                        46    -24
...............................................................


WIND (MPH)
  HIGHEST WIND SPEED    22   HIGHEST WIND DIRECTION     S (160)
  HIGHEST GUST SPEED    31   HIGHEST GUST DIRECTION     S (160)
  AVERAGE WIND SPEED    10.8


SKY COVER
  AVERAGE SKY COVER 0.0


WEATHER CONDITIONS
 THE FOLLOWING WEATHER WAS RECORDED YESTERDAY.
  NO SIGNIFICANT WEATHER WAS OBSERVED.


RELATIVE HUMIDITY (PERCENT)
 HIGHEST    61           400 AM
 LOWEST     12           300 PM
 AVERAGE    37

..........................................................


THE ROSWELL NM CLIMATE NORMALS FOR TODAY
                         NORMAL    RECORD    YEAR
 MAXIMUM TEMPERATURE (F)   81        98      2012
 MINIMUM TEMPERATURE (F)   51        32      1935


SUNRISE AND SUNSET
MAY  3 2015...........SUNRISE   608 AM MDT   SUNSET   742 PM MDT
MAY  4 2015...........SUNRISE   607 AM MDT   SUNSET   743 PM MDT


-  INDICATES NEGATIVE NUMBERS.
R  INDICATES RECORD WAS SET OR TIED.
MM INDICATES DATA IS MISSING.
T  INDICATES TRACE AMOUNT.

$$
